Last updated on 2024-06-30 00:59:11 CEST.
Flavor | Version | Tinstall | Tcheck | Ttotal | Status | Flags |
---|---|---|---|---|---|---|
r-devel-linux-x86_64-debian-clang | 1.2.4 | 33.76 | 29.27 | 63.03 | NOTE | |
r-devel-linux-x86_64-debian-gcc | 1.2.4 | 24.80 | 23.03 | 47.83 | NOTE | |
r-devel-linux-x86_64-fedora-clang | 1.2.4 | 106.51 | NOTE | |||
r-devel-linux-x86_64-fedora-gcc | 1.2.4 | 94.75 | NOTE | |||
r-devel-windows-x86_64 | 1.2.4 | 34.00 | 64.00 | 98.00 | NOTE | |
r-patched-linux-x86_64 | 1.2.4 | 29.69 | 29.02 | 58.71 | NOTE | |
r-release-linux-x86_64 | 1.2.4 | 34.14 | 29.15 | 63.29 | NOTE | |
r-release-macos-arm64 | 1.2.4 | 32.00 | NOTE | |||
r-release-macos-x86_64 | 1.2.4 | 51.00 | NOTE | |||
r-release-windows-x86_64 | 1.2.4 | 34.00 | 63.00 | 97.00 | NOTE | |
r-oldrel-macos-arm64 | 1.2.4 | 28.00 | NOTE | |||
r-oldrel-macos-x86_64 | 1.2.4 | 45.00 | NOTE | |||
r-oldrel-windows-x86_64 | 1.2.4 | 34.00 | 111.00 | 145.00 | NOTE |
Version: 1.2.4
Check: C++ specification
Result: NOTE
Specified C++11: please drop specification unless essential
Flavors: r-devel-linux-x86_64-debian-clang, r-devel-linux-x86_64-debian-gcc, r-devel-linux-x86_64-fedora-clang, r-devel-linux-x86_64-fedora-gcc, r-devel-windows-x86_64, r-patched-linux-x86_64, r-release-linux-x86_64, r-release-macos-arm64, r-release-macos-x86_64, r-release-windows-x86_64, r-oldrel-macos-arm64, r-oldrel-macos-x86_64, r-oldrel-windows-x86_64