Last updated on 2024-06-30 00:59:11 CEST.
Flavor | Version | Tinstall | Tcheck | Ttotal | Status | Flags |
---|---|---|---|---|---|---|
r-devel-linux-x86_64-debian-clang | 0.1 | 2.46 | 30.03 | 32.49 | OK | |
r-devel-linux-x86_64-debian-gcc | 0.1 | 1.78 | 23.03 | 24.81 | OK | |
r-devel-linux-x86_64-fedora-clang | 0.1 | 40.48 | OK | |||
r-devel-linux-x86_64-fedora-gcc | 0.1 | 40.98 | OK | |||
r-devel-windows-x86_64 | 0.1 | 2.00 | 44.00 | 46.00 | OK | |
r-patched-linux-x86_64 | 0.1 | 1.84 | 28.99 | 30.83 | OK | |
r-release-linux-x86_64 | 0.1 | 2.54 | 29.09 | 31.63 | OK | |
r-release-macos-arm64 | 0.1 | 17.00 | OK | |||
r-release-macos-x86_64 | 0.1 | 24.00 | OK | |||
r-release-windows-x86_64 | 0.1 | 3.00 | 45.00 | 48.00 | OK | |
r-oldrel-macos-arm64 | 0.1 | 19.00 | OK | |||
r-oldrel-macos-x86_64 | 0.1 | 23.00 | NOTE | |||
r-oldrel-windows-x86_64 | 0.1 | 4.00 | 94.00 | 98.00 | OK |
Version: 0.1
Check: package dependencies
Result: NOTE
Package suggested but not available for checking: ‘seqHMM’
Flavor: r-oldrel-macos-x86_64