Last updated on 2024-06-30 00:59:11 CEST.
Flavor | Version | Tinstall | Tcheck | Ttotal | Status | Flags |
---|---|---|---|---|---|---|
r-devel-linux-x86_64-debian-clang | 0.5 | 4.49 | 45.67 | 50.16 | OK | |
r-devel-linux-x86_64-debian-gcc | 0.5 | 4.47 | 34.09 | 38.56 | OK | |
r-devel-linux-x86_64-fedora-clang | 0.5 | 64.51 | NOTE | |||
r-devel-linux-x86_64-fedora-gcc | 0.5 | 76.65 | OK | |||
r-devel-windows-x86_64 | 0.5 | 7.00 | 59.00 | 66.00 | NOTE | |
r-patched-linux-x86_64 | 0.5 | 4.27 | 43.46 | 47.73 | OK | |
r-release-linux-x86_64 | 0.5 | 3.89 | 43.74 | 47.63 | OK | |
r-release-macos-arm64 | 0.5 | 30.00 | NOTE | |||
r-release-macos-x86_64 | 0.5 | 45.00 | NOTE | |||
r-release-windows-x86_64 | 0.5 | 7.00 | 58.00 | 65.00 | NOTE | |
r-oldrel-macos-arm64 | 0.5 | 37.00 | NOTE | |||
r-oldrel-macos-x86_64 | 0.5 | 42.00 | NOTE | |||
r-oldrel-windows-x86_64 | 0.5 | 7.00 | 63.00 | 70.00 | NOTE |
Version: 0.5
Check: installed package size
Result: NOTE
installed size is 5.6Mb
sub-directories of 1Mb or more:
data 3.4Mb
doc 1.9Mb
Flavors: r-devel-linux-x86_64-fedora-clang, r-devel-windows-x86_64, r-release-macos-arm64, r-release-macos-x86_64, r-release-windows-x86_64, r-oldrel-macos-arm64, r-oldrel-macos-x86_64, r-oldrel-windows-x86_64