Last updated on 2024-06-30 00:59:11 CEST.
Flavor | Version | Tinstall | Tcheck | Ttotal | Status | Flags |
---|---|---|---|---|---|---|
r-devel-linux-x86_64-debian-clang | 1.1.1 | 65.90 | 593.97 | 659.87 | OK | |
r-devel-linux-x86_64-debian-gcc | 1.1.1 | 59.70 | 431.18 | 490.88 | OK | |
r-devel-linux-x86_64-fedora-clang | 1.1.1 | 855.52 | OK | |||
r-devel-linux-x86_64-fedora-gcc | 1.1.1 | 857.85 | OK | |||
r-devel-windows-x86_64 | 1.1.1 | 64.00 | 395.00 | 459.00 | OK | |
r-patched-linux-x86_64 | 1.1.1 | 52.56 | 558.36 | 610.92 | OK | |
r-release-linux-x86_64 | 1.1.1 | 48.18 | 558.34 | 606.52 | OK | |
r-release-macos-arm64 | 1.1.1 | 241.00 | OK | |||
r-release-macos-x86_64 | 1.1.1 | 392.00 | OK | |||
r-release-windows-x86_64 | 1.1.1 | 62.00 | 395.00 | 457.00 | OK | |
r-oldrel-macos-arm64 | 1.1.1 | 10.00 | ERROR | |||
r-oldrel-macos-x86_64 | 1.1.1 | 11.00 | ERROR | |||
r-oldrel-windows-x86_64 | 1.1.1 | 84.00 | 544.00 | 628.00 | OK |
Version: 1.1.1
Check: package dependencies
Result: ERROR
Package required but not available: ‘GSVA’
See section ‘The DESCRIPTION file’ in the ‘Writing R Extensions’
manual.
Flavors: r-oldrel-macos-arm64, r-oldrel-macos-x86_64