Last updated on 2024-06-30 00:59:11 CEST.
Flavor | Version | Tinstall | Tcheck | Ttotal | Status | Flags |
---|---|---|---|---|---|---|
r-devel-linux-x86_64-debian-clang | 0.2.7 | 6.60 | 53.91 | 60.51 | OK | |
r-devel-linux-x86_64-debian-gcc | 0.2.7 | 5.08 | 41.97 | 47.05 | OK | |
r-devel-linux-x86_64-fedora-clang | 0.2.7 | 82.94 | NOTE | |||
r-devel-linux-x86_64-fedora-gcc | 0.2.7 | 91.17 | NOTE | |||
r-devel-windows-x86_64 | 0.2.7 | 9.00 | 64.00 | 73.00 | OK | |
r-patched-linux-x86_64 | 0.2.7 | 4.60 | 52.82 | 57.42 | OK | |
r-release-linux-x86_64 | 0.2.7 | 4.57 | 53.42 | 57.99 | OK | |
r-release-macos-arm64 | 0.2.7 | 34.00 | OK | |||
r-release-macos-x86_64 | 0.2.7 | 54.00 | OK | |||
r-release-windows-x86_64 | 0.2.7 | 8.00 | 63.00 | 71.00 | OK | |
r-oldrel-macos-arm64 | 0.2.7 | 42.00 | OK | |||
r-oldrel-macos-x86_64 | 0.2.7 | 64.00 | OK | |||
r-oldrel-windows-x86_64 | 0.2.7 | 10.00 | 72.00 | 82.00 | OK |
Version: 0.2.7
Check: data for non-ASCII characters
Result: NOTE
Note: found 4622 marked UTF-8 strings
Flavors: r-devel-linux-x86_64-fedora-clang, r-devel-linux-x86_64-fedora-gcc