Last updated on 2024-06-30 00:59:11 CEST.
Flavor | Version | Tinstall | Tcheck | Ttotal | Status | Flags |
---|---|---|---|---|---|---|
r-devel-linux-x86_64-debian-clang | 1.1.2 | 4.79 | 155.55 | 160.34 | NOTE | |
r-devel-linux-x86_64-debian-gcc | 1.1.2 | 3.40 | 117.15 | 120.55 | NOTE | |
r-devel-linux-x86_64-fedora-clang | 1.1.2 | 199.61 | NOTE | |||
r-devel-linux-x86_64-fedora-gcc | 1.1.2 | 212.58 | NOTE | |||
r-devel-windows-x86_64 | 1.1.2 | 6.00 | 174.00 | 180.00 | NOTE | |
r-patched-linux-x86_64 | 1.1.2 | 4.06 | 152.87 | 156.93 | NOTE | |
r-release-linux-x86_64 | 1.1.2 | 3.77 | 153.92 | 157.69 | NOTE | |
r-release-macos-arm64 | 1.1.2 | 68.00 | NOTE | |||
r-release-macos-x86_64 | 1.1.2 | 119.00 | NOTE | |||
r-release-windows-x86_64 | 1.1.2 | 6.00 | 162.00 | 168.00 | NOTE | |
r-oldrel-macos-arm64 | 1.1.2 | 74.00 | NOTE | |||
r-oldrel-macos-x86_64 | 1.1.2 | 107.00 | NOTE | |||
r-oldrel-windows-x86_64 | 1.1.2 | 7.00 | 172.00 | 179.00 | NOTE |
Version: 1.1.2
Check: Rd files
Result: NOTE
checkRd: (-1) getHistList.Rd:32: Lost braces; missing escapes or markup?
32 | ({FALSE})? If a bin is empty, the center of the bin is returned as the
| ^
checkRd: (-1) imageClusterPipeline.Rd:82: Lost braces; missing escapes or markup?
82 | of the bin ({FALSE})? If a bin is empty, the center of the bin is returned
| ^
Flavors: r-devel-linux-x86_64-debian-clang, r-devel-linux-x86_64-debian-gcc, r-devel-linux-x86_64-fedora-clang, r-devel-linux-x86_64-fedora-gcc, r-devel-windows-x86_64, r-patched-linux-x86_64, r-release-linux-x86_64, r-release-macos-arm64, r-release-macos-x86_64, r-release-windows-x86_64
Version: 1.1.2
Check: LazyData
Result: NOTE
'LazyData' is specified without a 'data' directory
Flavors: r-devel-linux-x86_64-debian-clang, r-devel-linux-x86_64-debian-gcc, r-devel-linux-x86_64-fedora-clang, r-devel-linux-x86_64-fedora-gcc, r-devel-windows-x86_64, r-patched-linux-x86_64, r-release-linux-x86_64, r-release-macos-arm64, r-release-macos-x86_64, r-release-windows-x86_64, r-oldrel-macos-arm64, r-oldrel-macos-x86_64, r-oldrel-windows-x86_64
Version: 1.1.2
Check: dependencies in R code
Result: NOTE
Namespaces in Imports field not imported from:
‘magrittr’ ‘qpdf’
All declared Imports should be used.
Flavors: r-devel-linux-x86_64-fedora-clang, r-devel-linux-x86_64-fedora-gcc