Last updated on 2024-06-30 00:59:11 CEST.
Flavor | Version | Tinstall | Tcheck | Ttotal | Status | Flags |
---|---|---|---|---|---|---|
r-devel-linux-x86_64-debian-clang | 0.1.2 | 6.47 | 63.70 | 70.17 | OK | |
r-devel-linux-x86_64-debian-gcc | 0.1.2 | 4.33 | 47.10 | 51.43 | OK | |
r-devel-linux-x86_64-fedora-clang | 0.1.2 | 86.14 | NOTE | |||
r-devel-linux-x86_64-fedora-gcc | 0.1.2 | 98.82 | NOTE | |||
r-devel-windows-x86_64 | 0.1.2 | 7.00 | 71.00 | 78.00 | OK | |
r-patched-linux-x86_64 | 0.1.2 | 8.63 | 59.09 | 67.72 | OK | |
r-release-linux-x86_64 | 0.1.2 | 5.29 | 59.85 | 65.14 | OK | |
r-release-macos-arm64 | 0.1.2 | 34.00 | OK | |||
r-release-macos-x86_64 | 0.1.2 | 51.00 | OK | |||
r-release-windows-x86_64 | 0.1.2 | 6.00 | 70.00 | 76.00 | OK | |
r-oldrel-macos-arm64 | 0.1.2 | 35.00 | OK | |||
r-oldrel-macos-x86_64 | 0.1.2 | 52.00 | OK | |||
r-oldrel-windows-x86_64 | 0.1.2 | 7.00 | 78.00 | 85.00 | OK |
Version: 0.1.2
Check: dependencies in R code
Result: NOTE
Namespaces in Imports field not imported from:
‘grid’ ‘gridExtra’
All declared Imports should be used.
Flavors: r-devel-linux-x86_64-fedora-clang, r-devel-linux-x86_64-fedora-gcc