Last updated on 2024-06-30 00:59:11 CEST.
Flavor | Version | Tinstall | Tcheck | Ttotal | Status | Flags |
---|---|---|---|---|---|---|
r-devel-linux-x86_64-debian-clang | 1.3.3 | 235.40 | 83.63 | 319.03 | OK | |
r-devel-linux-x86_64-debian-gcc | 1.3.3 | 159.68 | 68.11 | 227.79 | OK | |
r-devel-linux-x86_64-fedora-clang | 1.3.3 | 423.46 | OK | |||
r-devel-linux-x86_64-fedora-gcc | 1.3.3 | 475.56 | OK | |||
r-devel-windows-x86_64 | 1.3.3 | 160.00 | 103.00 | 263.00 | OK | |
r-patched-linux-x86_64 | 1.3.3 | 171.81 | 86.51 | 258.32 | OK | |
r-release-linux-x86_64 | 1.3.3 | 179.09 | 86.79 | 265.88 | OK | |
r-release-macos-arm64 | 1.3.3 | 92.00 | NOTE | |||
r-release-macos-x86_64 | 1.3.3 | 117.00 | NOTE | |||
r-release-windows-x86_64 | 1.3.3 | 158.00 | 106.00 | 264.00 | OK | |
r-oldrel-macos-arm64 | 1.3.3 | 113.00 | NOTE | |||
r-oldrel-macos-x86_64 | 1.3.3 | 203.00 | NOTE | |||
r-oldrel-windows-x86_64 | 1.3.3 | 193.00 | 133.00 | 326.00 | OK |
Version: 1.3.3
Check: installed package size
Result: NOTE
installed size is 19.7Mb
sub-directories of 1Mb or more:
libs 19.4Mb
Flavors: r-release-macos-arm64, r-release-macos-x86_64, r-oldrel-macos-arm64, r-oldrel-macos-x86_64