Last updated on 2024-06-30 00:59:11 CEST.
Flavor | Version | Tinstall | Tcheck | Ttotal | Status | Flags |
---|---|---|---|---|---|---|
r-devel-linux-x86_64-debian-clang | 0.1.8 | 29.27 | 233.87 | 263.14 | OK | |
r-devel-linux-x86_64-debian-gcc | 0.1.8 | 19.92 | 169.47 | 189.39 | OK | |
r-devel-linux-x86_64-fedora-clang | 0.1.8 | 337.40 | OK | |||
r-devel-linux-x86_64-fedora-gcc | 0.1.8 | 318.77 | OK | |||
r-devel-windows-x86_64 | 0.1.8 | 23.00 | 157.00 | 180.00 | OK | |
r-patched-linux-x86_64 | 0.1.8 | 14.73 | 221.46 | 236.19 | OK | |
r-release-linux-x86_64 | 0.1.8 | 15.42 | 221.05 | 236.47 | OK | |
r-release-macos-arm64 | 0.1.8 | 5.00 | ERROR | |||
r-release-macos-x86_64 | 0.1.8 | 149.00 | OK | |||
r-release-windows-x86_64 | 0.1.8 | 22.00 | 159.00 | 181.00 | OK | |
r-oldrel-macos-arm64 | 0.1.8 | 88.00 | OK | |||
r-oldrel-macos-x86_64 | 0.1.8 | 14.00 | ERROR | |||
r-oldrel-windows-x86_64 | 0.1.8 | 30.00 | 202.00 | 232.00 | OK |
Version: 0.1.8
Check: package dependencies
Result: ERROR
Package required but not available: ‘org.Mm.eg.db’
See section ‘The DESCRIPTION file’ in the ‘Writing R Extensions’
manual.
Flavors: r-release-macos-arm64, r-oldrel-macos-x86_64