Last updated on 2024-06-30 00:59:11 CEST.
Flavor | Version | Tinstall | Tcheck | Ttotal | Status | Flags |
---|---|---|---|---|---|---|
r-devel-linux-x86_64-debian-clang | 1.0.0 | 18.01 | 861.89 | 879.90 | OK | |
r-devel-linux-x86_64-debian-gcc | 1.0.0 | 12.27 | 678.29 | 690.56 | OK | |
r-devel-linux-x86_64-fedora-clang | 1.0.0 | 1120.11 | OK | |||
r-devel-linux-x86_64-fedora-gcc | 1.0.0 | 1370.28 | OK | |||
r-devel-windows-x86_64 | 1.0.0 | 13.00 | 889.00 | 902.00 | ERROR | |
r-patched-linux-x86_64 | 1.0.0 | 21.22 | 828.63 | 849.85 | OK | |
r-release-linux-x86_64 | 1.0.0 | 14.35 | 819.39 | 833.74 | OK | |
r-release-macos-arm64 | 1.0.0 | 370.00 | OK | |||
r-release-macos-x86_64 | 1.0.0 | 633.00 | OK | |||
r-release-windows-x86_64 | 1.0.0 | 14.00 | 887.00 | 901.00 | OK | |
r-oldrel-macos-arm64 | 1.0.0 | 367.00 | OK | |||
r-oldrel-macos-x86_64 | 1.0.0 | 778.00 | OK | |||
r-oldrel-windows-x86_64 | 1.0.0 | 17.00 | 1072.00 | 1089.00 | OK |
Version: 1.0.0
Check: tests
Result: ERROR
Running 'testthat.R' [12m]
Running the tests in 'tests/testthat.R' failed.
Complete output:
>
>
> library(testthat)
> library(survey)
Loading required package: grid
Loading required package: Matrix
Loading required package: survival
Attaching package: 'survey'
The following object is masked from 'package:graphics':
dotchart
> library(vardpoor)
> data(api)
>
> test_check("convey")
Loading required package: convey
[ FAIL 1 | WARN 252 | SKIP 143 | PASS 2113 ]
══ Skipped tests (143) ═════════════════════════════════════════════════════════
• On CRAN (142): 'test-densfun.R:5:1', 'test-extract-svyatk.R:164:5',
'test-extract-svyatk.R:313:5', 'test-extract-svyatk.R:164:5',
'test-extract-svyatk.R:313:5', 'test-extract-svyatk.R:164:5',
'test-extract-svyatk.R:313:5', 'test-extract-svyfgt-abs.R:177:5',
'test-extract-svyfgt-abs.R:348:5', 'test-extract-svyfgt-abs.R:177:5',
'test-extract-svyfgt-abs.R:348:5', 'test-extract-svyfgt-abs.R:177:5',
'test-extract-svyfgt-abs.R:348:5', 'test-extract-svyfgt-relm.R:177:5',
'test-extract-svyfgt-relm.R:348:5', 'test-extract-svyfgt-relm.R:177:5',
'test-extract-svyfgt-relm.R:348:5', 'test-extract-svyfgt-relm.R:177:5',
'test-extract-svyfgt-relm.R:348:5', 'test-extract-svyfgt-relq.R:177:5',
'test-extract-svyfgt-relq.R:348:5', 'test-extract-svyfgt-relq.R:177:5',
'test-extract-svyfgt-relq.R:348:5', 'test-extract-svyfgt-relq.R:177:5',
'test-extract-svyfgt-relq.R:348:5', 'test-extract-svyfgtdec-abs.R:217:3',
'test-extract-svyfgtdec-abs.R:368:3', 'test-extract-svyfgtdec-relm.R:217:3',
'test-extract-svyfgtdec-relm.R:368:3', 'test-extract-svyfgtdec-relq.R:217:3',
'test-extract-svyfgtdec-relq.R:368:3', 'test-extract-svygei.R:164:5',
'test-extract-svygei.R:313:5', 'test-extract-svygei.R:164:5',
'test-extract-svygei.R:313:5', 'test-extract-svygei.R:164:5',
'test-extract-svygei.R:313:5', 'test-extract-svygei.R:164:5',
'test-extract-svygei.R:313:5', 'test-extract-svygeidec.R:163:5',
'test-extract-svygeidec.R:308:5', 'test-extract-svygeidec.R:163:5',
'test-extract-svygeidec.R:308:5', 'test-extract-svygeidec.R:163:5',
'test-extract-svygeidec.R:308:5', 'test-extract-svygeidec.R:163:5',
'test-extract-svygeidec.R:308:5', 'test-extract-svygini.R:128:3',
'test-extract-svygini.R:264:3', 'test-extract-svyisq.R:115:3',
'test-extract-svyisq.R:246:3', 'test-extract-svyjdiv.R:180:3',
'test-extract-svyjdiv.R:323:3', 'test-extract-svyjdivdec.R:148:3',
'test-extract-svyjdivdec.R:291:3', 'test-extract-svyqsr.R:128:3',
'test-extract-svyqsr.R:264:3', 'test-extract-svyrich-Cha.R:156:7',
'test-extract-svyrich-Cha.R:299:7', 'test-extract-svyrich-Cha.R:156:7',
'test-extract-svyrich-Cha.R:299:7', 'test-extract-svyrich-Cha.R:156:7',
'test-extract-svyrich-Cha.R:299:7', 'test-extract-svyrich-Cha.R:156:7',
'test-extract-svyrich-Cha.R:299:7', 'test-extract-svyrich-Cha.R:156:7',
'test-extract-svyrich-Cha.R:299:7', 'test-extract-svyrich-Cha.R:156:7',
'test-extract-svyrich-Cha.R:299:7', 'test-extract-svyrich-Cha.R:156:7',
'test-extract-svyrich-Cha.R:299:7', 'test-extract-svyrich-Cha.R:156:7',
'test-extract-svyrich-Cha.R:299:7', 'test-extract-svyrich-Cha.R:156:7',
'test-extract-svyrich-Cha.R:299:7', 'test-extract-svyrich-FGTT1.R:156:7',
'test-extract-svyrich-FGTT1.R:300:7', 'test-extract-svyrich-FGTT1.R:156:7',
'test-extract-svyrich-FGTT1.R:300:7', 'test-extract-svyrich-FGTT1.R:156:7',
'test-extract-svyrich-FGTT1.R:300:7', 'test-extract-svyrich-FGTT1.R:156:7',
'test-extract-svyrich-FGTT1.R:300:7', 'test-extract-svyrich-FGTT1.R:156:7',
'test-extract-svyrich-FGTT1.R:300:7', 'test-extract-svyrich-FGTT1.R:156:7',
'test-extract-svyrich-FGTT1.R:300:7', 'test-extract-svyrich-FGTT2.R:156:7',
'test-extract-svyrich-FGTT2.R:300:7', 'test-extract-svyrich-FGTT2.R:156:7',
'test-extract-svyrich-FGTT2.R:300:7', 'test-extract-svyrich-FGTT2.R:156:7',
'test-extract-svyrich-FGTT2.R:300:7', 'test-extract-svyrich-FGTT2.R:156:7',
'test-extract-svyrich-FGTT2.R:300:7', 'test-extract-svyrich-FGTT2.R:156:7',
'test-extract-svyrich-FGTT2.R:300:7', 'test-extract-svyrich-FGTT2.R:156:7',
'test-extract-svyrich-FGTT2.R:300:7', 'test-extract-svywatts-abs.R:167:3',
'test-extract-svywatts-abs.R:334:3', 'test-extract-svywatts-relm.R:167:3',
'test-extract-svywatts-relm.R:334:3', 'test-extract-svywatts-relq.R:167:3',
'test-extract-svywatts-relq.R:334:3', 'test-extract-svywattsdec-abs.R:163:3',
'test-extract-svywattsdec-abs.R:284:3',
'test-extract-svywattsdec-relm.R:120:3',
'test-extract-svywattsdec-relm.R:222:3',
'test-extract-svywattsdec-relq.R:120:3',
'test-extract-svywattsdec-relq.R:222:3', 'test-extract-svyzenga.R:139:3',
'test-extract-svyzenga.R:277:3', 'test-extract_svyarpr.R:3:1',
'test-extract_svyarpt.R:3:1', 'test-extract_svyatk-pos.R:3:1',
'test-extract_svyfgtdec.R:3:1', 'test-extract_svygei-pos.R:3:1',
'test-extract_svygeidec-pos.R:6:1', 'test-extract_svygini.R:3:1',
'test-extract_svygpg.R:3:1', 'test-extract_svyiqalpha.R:3:1',
'test-extract_svyisq.R:3:1', 'test-extract_svyjdiv-pos.R:3:1',
'test-extract_svyjdivdec-pos.R:3:1', 'test-extract_svylorenz.R:112:3',
'test-extract_svylorenz.R:245:3', 'test-extract_svypoormed.R:3:1',
'test-extract_svyqsr.R:3:1', 'test-extract_svyrich.R:3:1',
'test-extract_svyrmir.R:3:1', 'test-extract_svyrmpg.R:3:1',
'test-icdf.R:5:1', 'test-matrix.R:5:3', 'test-skewed_distributions.R:5:3',
'test-svyarpr.R:5:1', 'test-svyarpt.R:3:1', 'test-svyatk.R:3:1',
'test-svypoormed.R:3:1', 'test-svyqsr.R:3:1', 'test-svyrmir.R:3:1',
'test-svyrmpg.R:3:1'
• different fgt-relq CV in domain (1): 'test-compare-svyfgt.R:152:3'
══ Failed tests ════════════════════════════════════════════════════════════════
── Failure ('test-extract-svyfgtdec-abs.R:352:3'): subsets equal svyby ─────────
`cv_diff` is not less than 0.05. Difference: 0.000884
[ FAIL 1 | WARN 252 | SKIP 143 | PASS 2113 ]
Error: Test failures
Execution halted
Flavor: r-devel-windows-x86_64