Last updated on 2024-06-30 00:59:11 CEST.
Flavor | Version | Tinstall | Tcheck | Ttotal | Status | Flags |
---|---|---|---|---|---|---|
r-devel-linux-x86_64-debian-clang | 1.4.3 | 11.41 | 111.36 | 122.77 | NOTE | |
r-devel-linux-x86_64-debian-gcc | 1.4.3 | 10.27 | 79.69 | 89.96 | NOTE | |
r-devel-linux-x86_64-fedora-clang | 1.4.3 | 151.83 | NOTE | |||
r-devel-linux-x86_64-fedora-gcc | 1.4.3 | 152.63 | NOTE | |||
r-devel-windows-x86_64 | 1.4.3 | 10.00 | 92.00 | 102.00 | NOTE | |
r-patched-linux-x86_64 | 1.4.3 | 15.42 | 102.67 | 118.09 | NOTE | |
r-release-linux-x86_64 | 1.4.3 | 13.48 | 105.08 | 118.56 | NOTE | |
r-release-macos-arm64 | 1.4.3 | 43.00 | NOTE | |||
r-release-macos-x86_64 | 1.4.3 | 63.00 | NOTE | |||
r-release-windows-x86_64 | 1.4.3 | 11.00 | 92.00 | 103.00 | NOTE | |
r-oldrel-macos-arm64 | 1.4.3 | 47.00 | NOTE | |||
r-oldrel-macos-x86_64 | 1.4.3 | 83.00 | NOTE | |||
r-oldrel-windows-x86_64 | 1.4.3 | 15.00 | 111.00 | 126.00 | NOTE |
Version: 1.4.3
Check: package dependencies
Result: NOTE
Packages suggested but not available for checking:
'cec2005benchmark', 'cec2013'
Flavors: r-devel-linux-x86_64-debian-clang, r-devel-linux-x86_64-debian-gcc, r-devel-linux-x86_64-fedora-clang, r-devel-linux-x86_64-fedora-gcc, r-devel-windows-x86_64, r-patched-linux-x86_64, r-release-linux-x86_64, r-release-macos-arm64, r-release-macos-x86_64, r-release-windows-x86_64, r-oldrel-macos-arm64, r-oldrel-macos-x86_64, r-oldrel-windows-x86_64