Last updated on 2024-06-30 00:59:11 CEST.
Flavor | Version | Tinstall | Tcheck | Ttotal | Status | Flags |
---|---|---|---|---|---|---|
r-devel-linux-x86_64-debian-clang | 0.6 | 4.51 | 45.65 | 50.16 | OK | |
r-devel-linux-x86_64-debian-gcc | 0.6 | 3.01 | 35.96 | 38.97 | OK | |
r-devel-linux-x86_64-fedora-clang | 0.6 | 64.27 | NOTE | |||
r-devel-linux-x86_64-fedora-gcc | 0.6 | 64.95 | NOTE | |||
r-devel-windows-x86_64 | 0.6 | 5.00 | 70.00 | 75.00 | OK | |
r-patched-linux-x86_64 | 0.6 | 5.32 | 46.13 | 51.45 | OK | |
r-release-linux-x86_64 | 0.6 | 3.97 | 45.84 | 49.81 | OK | |
r-release-macos-arm64 | 0.6 | 25.00 | OK | |||
r-release-macos-x86_64 | 0.6 | 48.00 | OK | |||
r-release-windows-x86_64 | 0.6 | 5.00 | 69.00 | 74.00 | OK | |
r-oldrel-macos-arm64 | 0.6 | 29.00 | OK | |||
r-oldrel-macos-x86_64 | 0.6 | 54.00 | OK | |||
r-oldrel-windows-x86_64 | 0.6 | 7.00 | 71.00 | 78.00 | OK |
Version: 0.6
Check: data for non-ASCII characters
Result: NOTE
Note: found 1187 marked UTF-8 strings
Flavors: r-devel-linux-x86_64-fedora-clang, r-devel-linux-x86_64-fedora-gcc