Last updated on 2024-06-30 00:59:11 CEST.
Flavor | Version | Tinstall | Tcheck | Ttotal | Status | Flags |
---|---|---|---|---|---|---|
r-devel-linux-x86_64-debian-clang | 0.7.4 | 10.69 | 179.28 | 189.97 | OK | |
r-devel-linux-x86_64-debian-gcc | 0.7.4 | 7.05 | 128.15 | 135.20 | OK | |
r-devel-linux-x86_64-fedora-clang | 0.7.4 | 232.62 | NOTE | |||
r-devel-linux-x86_64-fedora-gcc | 0.7.4 | 249.98 | OK | |||
r-devel-windows-x86_64 | 0.7.4 | 8.00 | 154.00 | 162.00 | NOTE | |
r-patched-linux-x86_64 | 0.7.4 | 8.09 | 167.94 | 176.03 | OK | |
r-release-linux-x86_64 | 0.7.4 | 11.41 | 171.81 | 183.22 | OK | |
r-release-macos-arm64 | 0.7.4 | 67.00 | NOTE | |||
r-release-macos-x86_64 | 0.7.4 | 116.00 | NOTE | |||
r-release-windows-x86_64 | 0.7.4 | 9.00 | 157.00 | 166.00 | NOTE | |
r-oldrel-macos-arm64 | 0.7.4 | 72.00 | NOTE | |||
r-oldrel-macos-x86_64 | 0.7.4 | 145.00 | NOTE | |||
r-oldrel-windows-x86_64 | 0.7.4 | 8.00 | 185.00 | 193.00 | NOTE |
Version: 0.7.4
Check: installed package size
Result: NOTE
installed size is 18.1Mb
sub-directories of 1Mb or more:
extdata 17.8Mb
Flavors: r-devel-linux-x86_64-fedora-clang, r-devel-windows-x86_64, r-release-macos-arm64, r-release-macos-x86_64, r-release-windows-x86_64, r-oldrel-macos-arm64, r-oldrel-macos-x86_64, r-oldrel-windows-x86_64