Last updated on 2024-06-30 00:59:11 CEST.
Flavor | Version | Tinstall | Tcheck | Ttotal | Status | Flags |
---|---|---|---|---|---|---|
r-devel-linux-x86_64-debian-clang | 1.2.3 | 21.74 | 109.64 | 131.38 | OK | |
r-devel-linux-x86_64-debian-gcc | 1.2.3 | 15.73 | 80.32 | 96.05 | OK | |
r-devel-linux-x86_64-fedora-clang | 1.2.3 | 163.74 | NOTE | |||
r-devel-linux-x86_64-fedora-gcc | 1.2.3 | 163.70 | NOTE | |||
r-devel-windows-x86_64 | 1.2.3 | 17.00 | 98.00 | 115.00 | OK | |
r-patched-linux-x86_64 | 1.2.3 | 18.31 | 106.17 | 124.48 | OK | |
r-release-linux-x86_64 | 1.2.3 | 20.63 | 105.63 | 126.26 | OK | |
r-release-macos-arm64 | 1.2.3 | 45.00 | OK | |||
r-release-macos-x86_64 | 1.2.3 | 72.00 | OK | |||
r-release-windows-x86_64 | 1.2.3 | 18.00 | 96.00 | 114.00 | OK | |
r-oldrel-macos-arm64 | 1.2.3 | 42.00 | OK | |||
r-oldrel-macos-x86_64 | 1.2.3 | 121.00 | OK | |||
r-oldrel-windows-x86_64 | 1.2.3 | 22.00 | 117.00 | 139.00 | OK |
Version: 1.2.3
Check: dependencies in R code
Result: NOTE
Namespace in Imports field not imported from: ‘gstat’
All declared Imports should be used.
Flavors: r-devel-linux-x86_64-fedora-clang, r-devel-linux-x86_64-fedora-gcc