Last updated on 2024-06-30 00:59:11 CEST.
Flavor | Version | Tinstall | Tcheck | Ttotal | Status | Flags |
---|---|---|---|---|---|---|
r-devel-linux-x86_64-debian-clang | 0.1.4 | 4.54 | 94.80 | 99.34 | NOTE | |
r-devel-linux-x86_64-debian-gcc | 0.1.4 | 3.36 | 69.22 | 72.58 | NOTE | |
r-devel-linux-x86_64-fedora-clang | 0.1.4 | 128.36 | NOTE | |||
r-devel-linux-x86_64-fedora-gcc | 0.1.4 | 133.01 | NOTE | |||
r-devel-windows-x86_64 | 0.1.4 | 5.00 | 86.00 | 91.00 | OK | |
r-patched-linux-x86_64 | 0.1.4 | 6.63 | 88.75 | 95.38 | NOTE | |
r-release-linux-x86_64 | 0.1.4 | 3.27 | 91.01 | 94.28 | NOTE | |
r-release-macos-arm64 | 0.1.4 | 53.00 | NOTE | |||
r-release-macos-x86_64 | 0.1.4 | 100.00 | NOTE | |||
r-release-windows-x86_64 | 0.1.4 | 5.00 | 87.00 | 92.00 | OK | |
r-oldrel-macos-arm64 | 0.1.4 | 52.00 | OK | |||
r-oldrel-macos-x86_64 | 0.1.4 | 82.00 | OK | |||
r-oldrel-windows-x86_64 | 0.1.4 | 6.00 | 106.00 | 112.00 | OK |
Version: 0.1.4
Check: package dependencies
Result: NOTE
Package suggested but not available for checking: ‘BEST’
Flavors: r-devel-linux-x86_64-debian-clang, r-devel-linux-x86_64-debian-gcc, r-devel-linux-x86_64-fedora-clang, r-devel-linux-x86_64-fedora-gcc, r-patched-linux-x86_64, r-release-linux-x86_64, r-release-macos-arm64, r-release-macos-x86_64