Last updated on 2024-06-30 00:59:11 CEST.
Flavor | Version | Tinstall | Tcheck | Ttotal | Status | Flags |
---|---|---|---|---|---|---|
r-devel-linux-x86_64-debian-clang | 0.4.0 | 88.51 | 455.95 | 544.46 | OK | |
r-devel-linux-x86_64-debian-gcc | 0.4.0 | 52.57 | 330.04 | 382.61 | OK | |
r-devel-linux-x86_64-fedora-clang | 0.4.0 | 693.99 | OK | |||
r-devel-linux-x86_64-fedora-gcc | 0.4.0 | 723.61 | OK | |||
r-devel-windows-x86_64 | 0.4.0 | 67.00 | 338.00 | 405.00 | OK | |
r-patched-linux-x86_64 | 0.4.0 | 63.69 | 439.18 | 502.87 | OK | |
r-release-linux-x86_64 | 0.4.0 | 65.41 | 435.24 | 500.65 | OK | |
r-release-macos-arm64 | 0.4.0 | 242.00 | NOTE | |||
r-release-macos-x86_64 | 0.4.0 | 292.00 | NOTE | |||
r-release-windows-x86_64 | 0.4.0 | 67.00 | 339.00 | 406.00 | OK | |
r-oldrel-macos-arm64 | 0.4.0 | 182.00 | NOTE | |||
r-oldrel-macos-x86_64 | 0.4.0 | 354.00 | NOTE | |||
r-oldrel-windows-x86_64 | 0.4.0 | 81.00 | 423.00 | 504.00 | OK |
Version: 0.4.0
Check: installed package size
Result: NOTE
installed size is 5.3Mb
sub-directories of 1Mb or more:
doc 1.6Mb
libs 2.9Mb
Flavors: r-release-macos-arm64, r-release-macos-x86_64, r-oldrel-macos-arm64, r-oldrel-macos-x86_64