Last updated on 2024-06-16 11:57:53 CEST.
Flavor | Version | Tinstall | Tcheck | Ttotal | Status | Flags |
---|---|---|---|---|---|---|
r-devel-linux-x86_64-debian-clang | 1.0.5 | 28.31 | 194.80 | 223.11 | OK | |
r-devel-linux-x86_64-debian-gcc | 1.0.5 | 16.35 | 148.22 | 164.57 | OK | |
r-devel-linux-x86_64-fedora-clang | 1.0.5 | 275.80 | NOTE | |||
r-devel-linux-x86_64-fedora-gcc | 1.0.5 | 239.48 | NOTE | |||
r-devel-windows-x86_64 | 1.0.5 | 21.00 | 170.00 | 191.00 | OK | |
r-patched-linux-x86_64 | 1.0.5 | 20.06 | 190.82 | 210.88 | OK | |
r-release-linux-x86_64 | 1.0.5 | 14.31 | 196.01 | 210.32 | OK | |
r-release-macos-arm64 | 1.0.5 | 122.00 | NOTE | |||
r-release-macos-x86_64 | 1.0.5 | 164.00 | NOTE | |||
r-release-windows-x86_64 | 1.0.5 | 24.00 | 173.00 | 197.00 | OK | |
r-oldrel-macos-arm64 | 1.0.5 | 138.00 | NOTE | |||
r-oldrel-macos-x86_64 | 1.0.5 | 210.00 | NOTE | |||
r-oldrel-windows-x86_64 | 1.0.5 | 27.00 | 222.00 | 249.00 | NOTE |
Version: 1.0.5
Check: package dependencies
Result: NOTE
Package suggested but not available for checking: ‘EnsDb.Hsapiens.v86’
Flavors: r-devel-linux-x86_64-fedora-clang, r-devel-linux-x86_64-fedora-gcc, r-release-macos-arm64, r-release-macos-x86_64, r-oldrel-macos-arm64, r-oldrel-macos-x86_64, r-oldrel-windows-x86_64