Last updated on 2024-06-16 11:57:53 CEST.
Flavor | Version | Tinstall | Tcheck | Ttotal | Status | Flags |
---|---|---|---|---|---|---|
r-devel-linux-x86_64-debian-clang | 0.4 | 46.34 | 354.53 | 400.87 | OK | |
r-devel-linux-x86_64-debian-gcc | 0.4 | 36.32 | 249.51 | 285.83 | OK | |
r-devel-linux-x86_64-fedora-clang | 0.4 | 478.15 | NOTE | |||
r-devel-linux-x86_64-fedora-gcc | 0.4 | 451.17 | OK | |||
r-devel-windows-x86_64 | 0.4 | 34.00 | 204.00 | 238.00 | NOTE | |
r-patched-linux-x86_64 | 0.4 | 44.47 | 331.74 | 376.21 | OK | |
r-release-linux-x86_64 | 0.4 | 36.89 | 334.46 | 371.35 | OK | |
r-release-macos-arm64 | 0.4 | 110.00 | NOTE | |||
r-release-macos-x86_64 | 0.4 | 167.00 | NOTE | |||
r-release-windows-x86_64 | 0.4 | 40.00 | 209.00 | 249.00 | NOTE | |
r-oldrel-macos-arm64 | 0.4 | 125.00 | NOTE | |||
r-oldrel-macos-x86_64 | 0.4 | 198.00 | NOTE | |||
r-oldrel-windows-x86_64 | 0.4 | 51.00 | 281.00 | 332.00 | NOTE |
Version: 0.4
Check: installed package size
Result: NOTE
installed size is 5.8Mb
sub-directories of 1Mb or more:
data 5.7Mb
Flavors: r-devel-linux-x86_64-fedora-clang, r-devel-windows-x86_64, r-release-macos-arm64, r-release-macos-x86_64, r-release-windows-x86_64, r-oldrel-macos-arm64, r-oldrel-macos-x86_64, r-oldrel-windows-x86_64