Last updated on 2025-04-29 12:52:33 CEST.
Flavor | Version | Tinstall | Tcheck | Ttotal | Status | Flags |
---|---|---|---|---|---|---|
r-devel-linux-x86_64-debian-clang | 0.1.2 | 4.82 | 42.56 | 47.38 | NOTE | |
r-devel-linux-x86_64-debian-gcc | 0.1.2 | 2.69 | 32.20 | 34.89 | NOTE | |
r-devel-linux-x86_64-fedora-clang | 0.1.2 | 73.39 | NOTE | |||
r-devel-linux-x86_64-fedora-gcc | 0.1.2 | 66.84 | NOTE | |||
r-devel-windows-x86_64 | 0.1.2 | 5.00 | 59.00 | 64.00 | NOTE | |
r-patched-linux-x86_64 | 0.1.2 | 4.17 | 39.02 | 43.19 | NOTE | |
r-release-linux-x86_64 | 0.1.2 | 4.32 | 39.37 | 43.69 | NOTE | |
r-release-macos-arm64 | 0.1.2 | 29.00 | NOTE | |||
r-release-macos-x86_64 | 0.1.2 | 46.00 | NOTE | |||
r-release-windows-x86_64 | 0.1.2 | 7.00 | 63.00 | 70.00 | NOTE | |
r-oldrel-macos-arm64 | 0.1.2 | 26.00 | OK | |||
r-oldrel-macos-x86_64 | 0.1.2 | 44.00 | OK | |||
r-oldrel-windows-x86_64 | 0.1.2 | 7.00 | 73.00 | 80.00 | OK |
Version: 0.1.2
Check: DESCRIPTION meta-information
Result: NOTE
Missing dependency on R >= 4.2.0 because package code uses the pipe
placeholder syntax added in R 4.2.0.
File(s) using such syntax:
‘helpers.R’
Flavors: r-devel-linux-x86_64-debian-clang, r-devel-linux-x86_64-debian-gcc, r-devel-linux-x86_64-fedora-clang, r-devel-linux-x86_64-fedora-gcc, r-devel-windows-x86_64, r-patched-linux-x86_64, r-release-linux-x86_64, r-release-macos-arm64, r-release-macos-x86_64, r-release-windows-x86_64