Last updated on 2024-06-30 00:59:11 CEST.
Flavor | Version | Tinstall | Tcheck | Ttotal | Status | Flags |
---|---|---|---|---|---|---|
r-devel-linux-x86_64-debian-clang | 0.2.61 | 19.82 | 25.48 | 45.30 | OK | |
r-devel-linux-x86_64-debian-gcc | 0.2.61 | 16.58 | 20.41 | 36.99 | OK | |
r-devel-linux-x86_64-fedora-clang | 0.2.61 | 61.84 | NOTE | |||
r-devel-linux-x86_64-fedora-gcc | 0.2.61 | 61.72 | NOTE | |||
r-devel-windows-x86_64 | 0.2.61 | 18.00 | 45.00 | 63.00 | NOTE | |
r-patched-linux-x86_64 | 0.2.61 | 20.01 | 24.91 | 44.92 | OK | |
r-release-linux-x86_64 | 0.2.61 | 20.13 | 25.81 | 45.94 | OK | |
r-release-macos-arm64 | 0.2.61 | 27.00 | NOTE | |||
r-release-macos-x86_64 | 0.2.61 | 37.00 | NOTE | |||
r-release-windows-x86_64 | 0.2.61 | 18.00 | 44.00 | 62.00 | NOTE | |
r-oldrel-macos-arm64 | 0.2.61 | 30.00 | NOTE | |||
r-oldrel-macos-x86_64 | 0.2.61 | 40.00 | NOTE | |||
r-oldrel-windows-x86_64 | 0.2.61 | 18.00 | 44.00 | 62.00 | NOTE |
Version: 0.2.61
Check: installed package size
Result: NOTE
installed size is 7.6Mb
sub-directories of 1Mb or more:
data 7.5Mb
Flavors: r-devel-linux-x86_64-fedora-clang, r-devel-windows-x86_64, r-release-macos-arm64, r-release-macos-x86_64, r-release-windows-x86_64, r-oldrel-macos-arm64, r-oldrel-macos-x86_64, r-oldrel-windows-x86_64
Version: 0.2.61
Check: data for non-ASCII characters
Result: NOTE
Note: found 3031 marked UTF-8 strings
Flavors: r-devel-linux-x86_64-fedora-clang, r-devel-linux-x86_64-fedora-gcc