Last updated on 2024-06-30 00:59:11 CEST.
Flavor | Version | Tinstall | Tcheck | Ttotal | Status | Flags |
---|---|---|---|---|---|---|
r-devel-linux-x86_64-debian-clang | 1.2.9 | 34.49 | 372.26 | 406.75 | NOTE | |
r-devel-linux-x86_64-debian-gcc | 1.2.9 | 30.40 | 259.25 | 289.65 | NOTE | |
r-devel-linux-x86_64-fedora-clang | 1.2.9 | 487.58 | NOTE | |||
r-devel-linux-x86_64-fedora-gcc | 1.2.9 | 487.61 | NOTE | |||
r-devel-windows-x86_64 | 1.2.9 | 30.00 | 215.00 | 245.00 | NOTE | |
r-patched-linux-x86_64 | 1.2.9 | 27.73 | 343.75 | 371.48 | NOTE | |
r-release-linux-x86_64 | 1.2.9 | 29.28 | 351.83 | 381.11 | NOTE | |
r-release-macos-arm64 | 1.2.9 | 106.00 | NOTE | |||
r-release-macos-x86_64 | 1.2.9 | 178.00 | NOTE | |||
r-release-windows-x86_64 | 1.2.9 | 32.00 | 216.00 | 248.00 | NOTE | |
r-oldrel-macos-arm64 | 1.2.9 | 125.00 | OK | |||
r-oldrel-macos-x86_64 | 1.2.9 | 217.00 | OK | |||
r-oldrel-windows-x86_64 | 1.2.9 | 43.00 | 298.00 | 341.00 | OK |
Version: 1.2.9
Check: Rd files
Result: NOTE
checkRd: (-1) mcmc.fmove.Rd:81: Lost braces; missing escapes or markup?
81 | beta ~ N( 0 , tau^2 * QQ^{-1} )
| ^
Flavors: r-devel-linux-x86_64-debian-clang, r-devel-linux-x86_64-debian-gcc, r-devel-linux-x86_64-fedora-clang, r-devel-linux-x86_64-fedora-gcc, r-devel-windows-x86_64, r-patched-linux-x86_64, r-release-linux-x86_64, r-release-macos-arm64, r-release-macos-x86_64, r-release-windows-x86_64