Last updated on 2024-06-30 00:59:11 CEST.
Flavor | Version | Tinstall | Tcheck | Ttotal | Status | Flags |
---|---|---|---|---|---|---|
r-devel-linux-x86_64-debian-clang | 1.0.1 | 34.64 | 540.58 | 575.22 | OK | |
r-devel-linux-x86_64-debian-gcc | 1.0.1 | 27.17 | 397.12 | 424.29 | OK | |
r-devel-linux-x86_64-fedora-clang | 1.0.1 | 692.07 | OK | |||
r-devel-linux-x86_64-fedora-gcc | 1.0.1 | 706.57 | OK | |||
r-devel-windows-x86_64 | 1.0.1 | 101.00 | 507.00 | 608.00 | OK | |
r-patched-linux-x86_64 | 1.0.1 | 33.96 | 517.31 | 551.27 | OK | |
r-release-linux-x86_64 | 1.0.1 | 33.36 | 522.62 | 555.98 | OK | |
r-release-macos-arm64 | 1.0.1 | 189.00 | OK | |||
r-release-macos-x86_64 | 1.0.1 | 344.00 | OK | |||
r-release-windows-x86_64 | 1.0.1 | 98.00 | 505.00 | 603.00 | OK | |
r-oldrel-macos-arm64 | 1.0.1 | 209.00 | OK | |||
r-oldrel-macos-x86_64 | 1.0.1 | 6.00 | ERROR | |||
r-oldrel-windows-x86_64 | 1.0.1 | 119.00 | 639.00 | 758.00 | OK |
Version: 1.0.1
Check: package dependencies
Result: ERROR
Package required but not available: ‘ctmm’
See section ‘The DESCRIPTION file’ in the ‘Writing R Extensions’
manual.
Flavor: r-oldrel-macos-x86_64