Last updated on 2024-06-30 00:59:11 CEST.
Flavor | Version | Tinstall | Tcheck | Ttotal | Status | Flags |
---|---|---|---|---|---|---|
r-devel-linux-x86_64-debian-clang | 1.0.6 | 41.91 | 720.80 | 762.71 | OK | |
r-devel-linux-x86_64-debian-gcc | 1.0.6 | 37.36 | 529.64 | 567.00 | OK | |
r-devel-linux-x86_64-fedora-clang | 1.0.6 | 928.36 | OK | |||
r-devel-linux-x86_64-fedora-gcc | 1.0.6 | 928.66 | OK | |||
r-devel-windows-x86_64 | 1.0.6 | 29.00 | 193.00 | 222.00 | OK | --no-vignettes |
r-patched-linux-x86_64 | 1.0.6 | 0.38 | 2.36 | 2.74 | ERROR | |
r-release-linux-x86_64 | 1.0.6 | 0.40 | 2.29 | 2.69 | ERROR | |
r-release-macos-arm64 | 1.0.6 | 198.00 | OK | |||
r-release-macos-x86_64 | 1.0.6 | 10.00 | ERROR | |||
r-release-windows-x86_64 | 1.0.6 | 30.00 | 219.00 | 249.00 | OK | --no-vignettes |
r-oldrel-macos-arm64 | 1.0.6 | 10.00 | ERROR | |||
r-oldrel-macos-x86_64 | 1.0.6 | 494.00 | OK | |||
r-oldrel-windows-x86_64 | 1.0.6 | 35.00 | 237.00 | 272.00 | OK | --no-vignettes |
Version: 1.0.6
Check: package dependencies
Result: ERROR
Package required but not available: ‘ctsem’
See section ‘The DESCRIPTION file’ in the ‘Writing R Extensions’
manual.
Flavors: r-patched-linux-x86_64, r-release-linux-x86_64, r-release-macos-x86_64, r-oldrel-macos-arm64