Last updated on 2024-06-30 00:59:11 CEST.
Flavor | Version | Tinstall | Tcheck | Ttotal | Status | Flags |
---|---|---|---|---|---|---|
r-devel-linux-x86_64-debian-clang | 2.0.2 | 39.36 | 526.38 | 565.74 | NOTE | |
r-devel-linux-x86_64-debian-gcc | 2.0.2 | 27.18 | 367.56 | 394.74 | NOTE | |
r-devel-linux-x86_64-fedora-clang | 2.0.2 | 679.04 | NOTE | |||
r-devel-linux-x86_64-fedora-gcc | 2.0.2 | 704.76 | NOTE | |||
r-devel-windows-x86_64 | 2.0.2 | 34.00 | 401.00 | 435.00 | NOTE | |
r-patched-linux-x86_64 | 2.0.2 | 30.70 | 500.54 | 531.24 | NOTE | |
r-release-linux-x86_64 | 2.0.2 | 26.28 | 493.13 | 519.41 | NOTE | |
r-release-macos-arm64 | 2.0.2 | 178.00 | NOTE | |||
r-release-macos-x86_64 | 2.0.2 | 304.00 | NOTE | |||
r-release-windows-x86_64 | 2.0.2 | 35.00 | 399.00 | 434.00 | NOTE | |
r-oldrel-macos-arm64 | 2.0.2 | 189.00 | OK | |||
r-oldrel-macos-x86_64 | 2.0.2 | 345.00 | OK | |||
r-oldrel-windows-x86_64 | 2.0.2 | 41.00 | 515.00 | 556.00 | OK |
Version: 2.0.2
Check: Rd files
Result: NOTE
checkRd: (-1) CytofTree.Rd:47-48: Lost braces in \itemize; \value handles \item{}{} directly
checkRd: (-1) CytofTree.Rd:49: Lost braces in \itemize; \value handles \item{}{} directly
checkRd: (-1) CytofTree.Rd:50: Lost braces in \itemize; \value handles \item{}{} directly
checkRd: (-1) CytofTree.Rd:51-52: Lost braces in \itemize; \value handles \item{}{} directly
checkRd: (-1) CytofTree.Rd:53: Lost braces in \itemize; \value handles \item{}{} directly
checkRd: (-1) CytofTree.Rd:54: Lost braces in \itemize; \value handles \item{}{} directly
checkRd: (-1) CytomeTree.Rd:33-34: Lost braces in \itemize; \value handles \item{}{} directly
checkRd: (-1) CytomeTree.Rd:35: Lost braces in \itemize; \value handles \item{}{} directly
checkRd: (-1) CytomeTree.Rd:36: Lost braces in \itemize; \value handles \item{}{} directly
checkRd: (-1) CytomeTree.Rd:37-38: Lost braces in \itemize; \value handles \item{}{} directly
checkRd: (-1) RetrievePops.Rd:20-21: Lost braces in \itemize; \value handles \item{}{} directly
checkRd: (-1) RetrievePops.Rd:22-23: Lost braces in \itemize; \value handles \item{}{} directly
Flavors: r-devel-linux-x86_64-debian-clang, r-devel-linux-x86_64-debian-gcc, r-devel-linux-x86_64-fedora-clang, r-devel-linux-x86_64-fedora-gcc, r-devel-windows-x86_64, r-patched-linux-x86_64, r-release-linux-x86_64, r-release-macos-arm64, r-release-macos-x86_64, r-release-windows-x86_64