Last updated on 2025-04-29 12:52:33 CEST.
Flavor | Version | Tinstall | Tcheck | Ttotal | Status | Flags |
---|---|---|---|---|---|---|
r-devel-linux-x86_64-debian-clang | 1.0.1 | 2.66 | 34.22 | 36.88 | NOTE | |
r-devel-linux-x86_64-debian-gcc | 1.0.1 | 2.06 | 25.62 | 27.68 | NOTE | |
r-devel-linux-x86_64-fedora-clang | 1.0.1 | 54.92 | OK | |||
r-devel-linux-x86_64-fedora-gcc | 1.0.1 | 53.74 | OK | |||
r-devel-windows-x86_64 | 1.0.1 | 4.00 | 54.00 | 58.00 | OK | |
r-patched-linux-x86_64 | 1.0.1 | 2.89 | 31.32 | 34.21 | OK | |
r-release-linux-x86_64 | 1.0.1 | 2.28 | 31.18 | 33.46 | OK | |
r-release-macos-arm64 | 1.0.1 | 23.00 | OK | |||
r-release-macos-x86_64 | 1.0.1 | 38.00 | OK | |||
r-release-windows-x86_64 | 1.0.1 | 4.00 | 56.00 | 60.00 | OK | |
r-oldrel-macos-arm64 | 1.0.1 | 23.00 | OK | |||
r-oldrel-macos-x86_64 | 1.0.1 | 32.00 | OK | |||
r-oldrel-windows-x86_64 | 1.0.1 | 5.00 | 61.00 | 66.00 | OK |
Version: 1.0.1
Check: examples
Result: NOTE
Examples with CPU (user + system) or elapsed time > 5s
user system elapsed
dapper_sample 3.053 0.115 7.915
Flavor: r-devel-linux-x86_64-debian-clang
Version: 1.0.1
Check: examples
Result: NOTE
Examples with CPU (user + system) or elapsed time > 5s
user system elapsed
dapper_sample 1.89 0.176 5.884
Flavor: r-devel-linux-x86_64-debian-gcc