Last updated on 2024-06-30 00:59:12 CEST.
Flavor | Version | Tinstall | Tcheck | Ttotal | Status | Flags |
---|---|---|---|---|---|---|
r-devel-linux-x86_64-debian-clang | 0.11.0 | 15.76 | 509.22 | 524.98 | OK | |
r-devel-linux-x86_64-debian-gcc | 0.11.0 | 10.80 | 421.65 | 432.45 | OK | |
r-devel-linux-x86_64-fedora-clang | 0.11.0 | 626.28 | NOTE | |||
r-devel-linux-x86_64-fedora-gcc | 0.11.0 | 1040.25 | OK | |||
r-devel-windows-x86_64 | 0.11.0 | 12.00 | 311.00 | 323.00 | OK | |
r-patched-linux-x86_64 | 0.11.0 | 20.30 | 501.61 | 521.91 | OK | |
r-release-linux-x86_64 | 0.11.0 | 12.93 | 497.76 | 510.69 | OK | |
r-release-macos-arm64 | 0.11.0 | 469.00 | OK | |||
r-release-macos-x86_64 | 0.11.0 | 933.00 | OK | |||
r-release-windows-x86_64 | 0.11.0 | 14.00 | 324.00 | 338.00 | OK | |
r-oldrel-macos-arm64 | 0.11.0 | 400.00 | ERROR | |||
r-oldrel-macos-x86_64 | 0.11.0 | 910.00 | ERROR | |||
r-oldrel-windows-x86_64 | 0.11.0 | 15.00 | 404.00 | 419.00 | OK |
Version: 0.11.0
Check: Rd cross-references
Result: NOTE
Undeclared package ‘performance’ in Rd xrefs
Flavor: r-devel-linux-x86_64-fedora-clang
Version: 0.11.0
Check: running R code from vignettes
Result: ERROR
Errors in running code in vignettes:
when running code in ‘tidyverse_translation.Rmd’
...
+ FUN.VALUE = logical(1)))) {
+ evaluate_chunk <- FALSE
+ }
> starwars %>% data_filter(skin_color == "light", eye_color ==
+ "brown")
When sourcing ‘tidyverse_translation.R’:
Error: could not find function "%>%"
Execution halted
‘selection_syntax.Rmd’ using ‘UTF-8’... [1s/1s] OK
‘standardize_data.Rmd’ using ‘UTF-8’... [4s/5s] OK
‘tidyverse_translation.Rmd’ using ‘UTF-8’... failed
Flavor: r-oldrel-macos-arm64
Version: 0.11.0
Check: running R code from vignettes
Result: ERROR
Errors in running code in vignettes:
when running code in ‘tidyverse_translation.Rmd’
...
+ FUN.VALUE = logical(1)))) {
+ evaluate_chunk <- FALSE
+ }
> starwars %>% data_filter(skin_color == "light", eye_color ==
+ "brown")
When sourcing ‘tidyverse_translation.R’:
Error: could not find function "%>%"
Execution halted
‘selection_syntax.Rmd’ using ‘UTF-8’... [1s/2s] OK
‘standardize_data.Rmd’ using ‘UTF-8’... [7s/11s] OK
‘tidyverse_translation.Rmd’ using ‘UTF-8’... failed
Flavor: r-oldrel-macos-x86_64