Last updated on 2024-06-30 00:59:12 CEST.
Flavor | Version | Tinstall | Tcheck | Ttotal | Status | Flags |
---|---|---|---|---|---|---|
r-devel-linux-x86_64-debian-clang | 1.2.1 | 59.62 | 88.26 | 147.88 | OK | |
r-devel-linux-x86_64-debian-gcc | 1.2.1 | 48.75 | 68.16 | 116.91 | OK | |
r-devel-linux-x86_64-fedora-clang | 1.2.1 | 189.47 | OK | |||
r-devel-linux-x86_64-fedora-gcc | 1.2.1 | 246.83 | OK | |||
r-devel-windows-x86_64 | 1.2.1 | 45.00 | 105.00 | 150.00 | OK | |
r-patched-linux-x86_64 | 1.2.1 | 51.46 | 90.33 | 141.79 | OK | |
r-release-linux-x86_64 | 1.2.1 | 57.03 | 94.87 | 151.90 | OK | |
r-release-macos-arm64 | 1.2.1 | 60.00 | NOTE | |||
r-release-macos-x86_64 | 1.2.1 | 91.00 | NOTE | |||
r-release-windows-x86_64 | 1.2.1 | 44.00 | 108.00 | 152.00 | OK | |
r-oldrel-macos-arm64 | 1.2.1 | 65.00 | NOTE | |||
r-oldrel-macos-x86_64 | 1.2.1 | 121.00 | NOTE | |||
r-oldrel-windows-x86_64 | 1.2.1 | 57.00 | 136.00 | 193.00 | OK |
Version: 1.2.1
Check: installed package size
Result: NOTE
installed size is 15.2Mb
sub-directories of 1Mb or more:
libs 14.5Mb
Flavors: r-release-macos-arm64, r-release-macos-x86_64, r-oldrel-macos-arm64, r-oldrel-macos-x86_64