Last updated on 2024-06-30 00:59:12 CEST.
Flavor | Version | Tinstall | Tcheck | Ttotal | Status | Flags |
---|---|---|---|---|---|---|
r-devel-linux-x86_64-debian-clang | 1.5-0 | 11.11 | 131.79 | 142.90 | NOTE | |
r-devel-linux-x86_64-debian-gcc | 1.5-0 | 7.83 | 91.55 | 99.38 | NOTE | |
r-devel-linux-x86_64-fedora-clang | 1.5-0 | 175.22 | NOTE | |||
r-devel-linux-x86_64-fedora-gcc | 1.5-0 | 188.90 | NOTE | |||
r-devel-windows-x86_64 | 1.5-0 | 11.00 | 141.00 | 152.00 | NOTE | |
r-patched-linux-x86_64 | 1.5-0 | 13.31 | 125.67 | 138.98 | NOTE | |
r-release-linux-x86_64 | 1.5-0 | 9.33 | 126.70 | 136.03 | NOTE | |
r-release-macos-arm64 | 1.5-0 | 55.00 | NOTE | |||
r-release-macos-x86_64 | 1.5-0 | 124.00 | NOTE | |||
r-release-windows-x86_64 | 1.5-0 | 12.00 | 142.00 | 154.00 | NOTE | |
r-oldrel-macos-arm64 | 1.5-0 | 68.00 | NOTE | |||
r-oldrel-macos-x86_64 | 1.5-0 | 110.00 | NOTE | |||
r-oldrel-windows-x86_64 | 1.5-0 | 14.00 | 155.00 | 169.00 | NOTE |
Version: 1.5-0
Check: package dependencies
Result: NOTE
Package suggested but not available for checking: ‘Rdonlp2’
Flavors: r-devel-linux-x86_64-debian-clang, r-devel-linux-x86_64-debian-gcc, r-devel-linux-x86_64-fedora-clang, r-devel-linux-x86_64-fedora-gcc, r-devel-windows-x86_64, r-patched-linux-x86_64, r-release-linux-x86_64, r-release-macos-arm64, r-release-macos-x86_64, r-release-windows-x86_64, r-oldrel-macos-arm64, r-oldrel-macos-x86_64, r-oldrel-windows-x86_64
Version: 1.5-0
Check: Rd files
Result: NOTE
checkRd: (-1) responses.Rd:68: Lost braces
68 | response. See code{\link{makeDepmix}} for an example of how to use
| ^
Flavors: r-devel-linux-x86_64-debian-clang, r-devel-linux-x86_64-debian-gcc, r-devel-linux-x86_64-fedora-clang, r-devel-linux-x86_64-fedora-gcc, r-devel-windows-x86_64, r-patched-linux-x86_64, r-release-linux-x86_64, r-release-macos-arm64, r-release-macos-x86_64, r-release-windows-x86_64