Last updated on 2024-06-30 00:59:12 CEST.
Flavor | Version | Tinstall | Tcheck | Ttotal | Status | Flags |
---|---|---|---|---|---|---|
r-devel-linux-x86_64-debian-clang | 0.3.0 | 8.22 | 75.80 | 84.02 | OK | |
r-devel-linux-x86_64-debian-gcc | 0.3.0 | 5.89 | 55.95 | 61.84 | OK | |
r-devel-linux-x86_64-fedora-clang | 0.3.0 | 104.58 | NOTE | |||
r-devel-linux-x86_64-fedora-gcc | 0.3.0 | 118.68 | OK | |||
r-devel-windows-x86_64 | 0.3.0 | 8.00 | 82.00 | 90.00 | OK | |
r-patched-linux-x86_64 | 0.3.0 | 10.82 | 71.65 | 82.47 | OK | |
r-release-linux-x86_64 | 0.3.0 | 5.30 | 72.61 | 77.91 | OK | |
r-release-macos-arm64 | 0.3.0 | 42.00 | OK | |||
r-release-macos-x86_64 | 0.3.0 | 59.00 | OK | |||
r-release-windows-x86_64 | 0.3.0 | 9.00 | 81.00 | 90.00 | OK | |
r-oldrel-macos-arm64 | 0.3.0 | 39.00 | OK | |||
r-oldrel-macos-x86_64 | 0.3.0 | 62.00 | OK | |||
r-oldrel-windows-x86_64 | 0.3.0 | 10.00 | 91.00 | 101.00 | OK |
Version: 0.3.0
Check: Rd cross-references
Result: NOTE
Undeclared package ‘htmlwidgets’ in Rd xrefs
Flavor: r-devel-linux-x86_64-fedora-clang