Last updated on 2024-06-30 00:59:12 CEST.
Flavor | Version | Tinstall | Tcheck | Ttotal | Status | Flags |
---|---|---|---|---|---|---|
r-devel-linux-x86_64-debian-clang | 0.6.15 | 169.47 | 129.34 | 298.81 | NOTE | |
r-devel-linux-x86_64-debian-gcc | 0.6.15 | 98.78 | 95.88 | 194.66 | NOTE | |
r-devel-linux-x86_64-fedora-clang | 0.6.15 | 400.87 | NOTE | |||
r-devel-linux-x86_64-fedora-gcc | 0.6.15 | 426.95 | NOTE | |||
r-devel-windows-x86_64 | 0.6.15 | 130.00 | 126.00 | 256.00 | NOTE | |
r-patched-linux-x86_64 | 0.6.15 | 120.83 | 125.20 | 246.03 | NOTE | |
r-release-linux-x86_64 | 0.6.15 | 92.58 | 125.20 | 217.78 | NOTE | |
r-release-macos-arm64 | 0.6.15 | 91.00 | NOTE | |||
r-release-macos-x86_64 | 0.6.15 | 135.00 | NOTE | |||
r-release-windows-x86_64 | 0.6.15 | 134.00 | 133.00 | 267.00 | NOTE | |
r-oldrel-macos-arm64 | 0.6.15 | 107.00 | NOTE | |||
r-oldrel-macos-x86_64 | 0.6.15 | 177.00 | NOTE | |||
r-oldrel-windows-x86_64 | 0.6.15 | 160.00 | 154.00 | 314.00 | NOTE |
Version: 0.6.15
Check: for GNU extensions in Makefiles
Result: NOTE
GNU make is a SystemRequirements.
Flavors: r-devel-linux-x86_64-debian-clang, r-devel-linux-x86_64-debian-gcc, r-devel-linux-x86_64-fedora-clang, r-devel-linux-x86_64-fedora-gcc, r-devel-windows-x86_64, r-patched-linux-x86_64, r-release-linux-x86_64, r-release-macos-arm64, r-release-macos-x86_64, r-release-windows-x86_64, r-oldrel-macos-arm64, r-oldrel-macos-x86_64, r-oldrel-windows-x86_64