Last updated on 2024-06-16 11:57:54 CEST.
Flavor | Version | Tinstall | Tcheck | Ttotal | Status | Flags |
---|---|---|---|---|---|---|
r-devel-linux-x86_64-debian-clang | 1.0 | 2.56 | 35.16 | 37.72 | OK | |
r-devel-linux-x86_64-debian-gcc | 1.0 | 2.39 | 27.11 | 29.50 | OK | |
r-devel-linux-x86_64-fedora-clang | 1.0 | 49.13 | NOTE | |||
r-devel-linux-x86_64-fedora-gcc | 1.0 | 59.29 | NOTE | |||
r-devel-windows-x86_64 | 1.0 | 3.00 | 48.00 | 51.00 | OK | |
r-patched-linux-x86_64 | 1.0 | 2.71 | 34.39 | 37.10 | OK | |
r-release-linux-x86_64 | 1.0 | 2.98 | 33.38 | 36.36 | OK | |
r-release-macos-arm64 | 1.0 | 25.00 | OK | |||
r-release-macos-x86_64 | 1.0 | 45.00 | OK | |||
r-release-windows-x86_64 | 1.0 | 4.00 | 58.00 | 62.00 | OK | |
r-oldrel-macos-arm64 | 1.0 | 39.00 | OK | |||
r-oldrel-macos-x86_64 | 1.0 | 68.00 | OK | |||
r-oldrel-windows-x86_64 | 1.0 | 4.00 | 52.00 | 56.00 | OK |
Version: 1.0
Check: data for non-ASCII characters
Result: NOTE
Note: found 1 marked UTF-8 string
Flavors: r-devel-linux-x86_64-fedora-clang, r-devel-linux-x86_64-fedora-gcc