Last updated on 2024-06-30 00:59:12 CEST.
Flavor | Version | Tinstall | Tcheck | Ttotal | Status | Flags |
---|---|---|---|---|---|---|
r-devel-linux-x86_64-debian-clang | 0.3.0 | 129.90 | 210.02 | 339.92 | NOTE | |
r-devel-linux-x86_64-debian-gcc | 0.3.0 | 97.18 | 156.13 | 253.31 | NOTE | |
r-devel-linux-x86_64-fedora-clang | 0.3.0 | 470.00 | OK | |||
r-devel-linux-x86_64-fedora-gcc | 0.3.0 | 734.83 | OK | |||
r-devel-windows-x86_64 | 0.3.0 | 92.00 | 294.00 | 386.00 | NOTE | |
r-patched-linux-x86_64 | 0.3.0 | 107.90 | 208.48 | 316.38 | NOTE | |
r-release-linux-x86_64 | 0.3.0 | 91.99 | 201.97 | 293.96 | NOTE | |
r-release-macos-arm64 | 0.3.0 | 107.00 | NOTE | |||
r-release-macos-x86_64 | 0.3.0 | 188.00 | NOTE | |||
r-release-windows-x86_64 | 0.3.0 | 85.00 | 298.00 | 383.00 | NOTE | |
r-oldrel-macos-arm64 | 0.3.0 | 96.00 | NOTE | |||
r-oldrel-macos-x86_64 | 0.3.0 | 273.00 | NOTE | |||
r-oldrel-windows-x86_64 | 0.3.0 | 113.00 | 235.00 | 348.00 | NOTE |
Version: 0.3.0
Check: package dependencies
Result: NOTE
Package suggested but not available for checking: ‘INLA’
Flavors: r-devel-linux-x86_64-debian-clang, r-devel-linux-x86_64-debian-gcc, r-patched-linux-x86_64, r-release-linux-x86_64, r-release-macos-arm64, r-release-macos-x86_64, r-oldrel-macos-arm64, r-oldrel-macos-x86_64, r-oldrel-windows-x86_64
Version: 0.3.0
Check: installed package size
Result: NOTE
installed size is 13.3Mb
sub-directories of 1Mb or more:
libs 12.8Mb
Flavors: r-devel-windows-x86_64, r-release-macos-arm64, r-release-macos-x86_64, r-release-windows-x86_64, r-oldrel-macos-arm64, r-oldrel-macos-x86_64, r-oldrel-windows-x86_64