Last updated on 2024-06-30 00:59:12 CEST.
Flavor | Version | Tinstall | Tcheck | Ttotal | Status | Flags |
---|---|---|---|---|---|---|
r-devel-linux-x86_64-debian-clang | 3.1.2 | 24.53 | 168.61 | 193.14 | NOTE | |
r-devel-linux-x86_64-debian-gcc | 3.1.2 | 19.67 | 122.53 | 142.20 | NOTE | |
r-devel-linux-x86_64-fedora-clang | 3.1.2 | 251.83 | NOTE | |||
r-devel-linux-x86_64-fedora-gcc | 3.1.2 | 234.24 | NOTE | |||
r-devel-windows-x86_64 | 3.1.2 | 21.00 | 140.00 | 161.00 | NOTE | |
r-patched-linux-x86_64 | 3.1.2 | 14.64 | 155.49 | 170.13 | NOTE | |
r-release-linux-x86_64 | 3.1.2 | 14.78 | 159.87 | 174.65 | NOTE | |
r-release-macos-arm64 | 3.1.2 | 61.00 | NOTE | |||
r-release-macos-x86_64 | 3.1.2 | 92.00 | NOTE | |||
r-release-windows-x86_64 | 3.1.2 | 20.00 | 139.00 | 159.00 | NOTE | |
r-oldrel-macos-arm64 | 3.1.2 | 65.00 | OK | |||
r-oldrel-macos-x86_64 | 3.1.2 | 123.00 | OK | |||
r-oldrel-windows-x86_64 | 3.1.2 | 26.00 | 174.00 | 200.00 | OK |
Version: 3.1.2
Check: Rd files
Result: NOTE
checkRd: (-1) app_server.Rd:10: Lost braces; missing escapes or markup?
10 | \item{input, output, session}{Internal parameters for `{shiny}`.
| ^
Flavors: r-devel-linux-x86_64-debian-clang, r-devel-linux-x86_64-debian-gcc, r-devel-linux-x86_64-fedora-clang, r-devel-linux-x86_64-fedora-gcc, r-devel-windows-x86_64, r-patched-linux-x86_64, r-release-linux-x86_64, r-release-macos-arm64, r-release-macos-x86_64, r-release-windows-x86_64