Last updated on 2024-06-16 11:57:54 CEST.
Flavor | Version | Tinstall | Tcheck | Ttotal | Status | Flags |
---|---|---|---|---|---|---|
r-devel-linux-x86_64-debian-clang | 2.9.2 | 28.68 | 110.66 | 139.34 | OK | |
r-devel-linux-x86_64-debian-gcc | 2.9.2 | 29.22 | 80.74 | 109.96 | OK | |
r-devel-linux-x86_64-fedora-clang | 2.9.2 | 183.65 | NOTE | |||
r-devel-linux-x86_64-fedora-gcc | 2.9.2 | 171.99 | OK | |||
r-devel-windows-x86_64 | 2.9.2 | 29.00 | 113.00 | 142.00 | OK | |
r-patched-linux-x86_64 | 2.9.2 | 35.42 | 107.55 | 142.97 | OK | |
r-release-linux-x86_64 | 2.9.2 | 31.72 | 105.78 | 137.50 | OK | |
r-release-macos-arm64 | 2.9.2 | 49.00 | OK | |||
r-release-macos-x86_64 | 2.9.2 | 76.00 | OK | |||
r-release-windows-x86_64 | 2.9.2 | 28.00 | 111.00 | 139.00 | OK | |
r-oldrel-macos-arm64 | 2.9.2 | 60.00 | OK | |||
r-oldrel-macos-x86_64 | 2.9.2 | 142.00 | OK | |||
r-oldrel-windows-x86_64 | 2.9.2 | 27.00 | 132.00 | 159.00 | OK |
Version: 2.9.2
Check: Rd cross-references
Result: NOTE
Undeclared package ‘robustbase’ in Rd xrefs
Flavor: r-devel-linux-x86_64-fedora-clang