Last updated on 2024-06-30 00:59:12 CEST.
Flavor | Version | Tinstall | Tcheck | Ttotal | Status | Flags |
---|---|---|---|---|---|---|
r-devel-linux-x86_64-debian-clang | 2.0.0 | 6.27 | 94.72 | 100.99 | OK | |
r-devel-linux-x86_64-debian-gcc | 2.0.0 | 6.45 | 72.20 | 78.65 | OK | |
r-devel-linux-x86_64-fedora-clang | 2.0.0 | 132.77 | NOTE | |||
r-devel-linux-x86_64-fedora-gcc | 2.0.0 | 147.04 | NOTE | |||
r-devel-windows-x86_64 | 2.0.0 | 8.00 | 103.00 | 111.00 | OK | |
r-patched-linux-x86_64 | 2.0.0 | 6.78 | 92.30 | 99.08 | OK | |
r-release-linux-x86_64 | 2.0.0 | 5.36 | 92.26 | 97.62 | OK | |
r-release-macos-arm64 | 2.0.0 | 58.00 | OK | |||
r-release-macos-x86_64 | 2.0.0 | 82.00 | OK | |||
r-release-windows-x86_64 | 2.0.0 | 9.00 | 101.00 | 110.00 | OK | |
r-oldrel-macos-arm64 | 2.0.0 | 76.00 | OK | |||
r-oldrel-macos-x86_64 | 2.0.0 | 119.00 | OK | |||
r-oldrel-windows-x86_64 | 2.0.0 | 10.00 | 118.00 | 128.00 | OK |
Version: 2.0.0
Check: data for non-ASCII characters
Result: NOTE
Note: found 682 marked UTF-8 strings
Flavors: r-devel-linux-x86_64-fedora-clang, r-devel-linux-x86_64-fedora-gcc