Last updated on 2024-06-30 00:59:12 CEST.
Flavor | Version | Tinstall | Tcheck | Ttotal | Status | Flags |
---|---|---|---|---|---|---|
r-devel-linux-x86_64-debian-clang | 5.0.0 | 30.12 | 488.90 | 519.02 | NOTE | |
r-devel-linux-x86_64-debian-gcc | 5.0.0 | 24.75 | 335.29 | 360.04 | NOTE | |
r-devel-linux-x86_64-fedora-clang | 5.0.0 | 617.87 | NOTE | |||
r-devel-linux-x86_64-fedora-gcc | 5.0.0 | 633.84 | NOTE | |||
r-devel-windows-x86_64 | 5.0.0 | 21.00 | 274.00 | 295.00 | NOTE | |
r-patched-linux-x86_64 | 5.0.0 | 28.27 | 456.46 | 484.73 | NOTE | |
r-release-linux-x86_64 | 5.0.0 | 28.63 | 459.21 | 487.84 | NOTE | |
r-release-macos-arm64 | 5.0.0 | 136.00 | NOTE | |||
r-release-macos-x86_64 | 5.0.0 | 229.00 | NOTE | |||
r-release-windows-x86_64 | 5.0.0 | 22.00 | 281.00 | 303.00 | NOTE | |
r-oldrel-macos-arm64 | 5.0.0 | 141.00 | OK | |||
r-oldrel-macos-x86_64 | 5.0.0 | 287.00 | OK | |||
r-oldrel-windows-x86_64 | 5.0.0 | 30.00 | 388.00 | 418.00 | OK |
Version: 5.0.0
Check: Rd files
Result: NOTE
checkRd: (-1) downscale.Rd:9: Lost braces; missing escapes or markup?
9 | \item{occupancies}{Either a data frame containing two columns or an object of class \code{"upgrain"} from the \code{\link{upgrain}} function. If using a data frame the first column must be the grain sizes (cell area in squared units e.g. km^{2}). The second column is the proportion of occupancies at each grain size.}
| ^
checkRd: (-1) ensemble.downscale.Rd:13: Lost braces; missing escapes or markup?
13 | \item{new.areas}{vector of grain sizes (in squared units e.g. km^{2}) for which area of occupancy will be predicted.}
| ^
checkRd: (-1) hui.downscale.Rd:13: Lost braces; missing escapes or markup?
13 | \item{new.areas}{vector of grain sizes as cell area (in same units as cell.width but squared e.g. km^{2}) at fine scales for model prediction.}
| ^
checkRd: (-1) predict.downscale.Rd:10: Lost braces; missing escapes or markup?
10 | \item{new.areas}{vector of grain sizes (in squared units e.g. km^{2}) for which area of occupancy will be predicted.}
| ^
Flavors: r-devel-linux-x86_64-debian-clang, r-devel-linux-x86_64-debian-gcc, r-devel-linux-x86_64-fedora-clang, r-devel-linux-x86_64-fedora-gcc, r-devel-windows-x86_64, r-patched-linux-x86_64, r-release-linux-x86_64, r-release-macos-arm64, r-release-macos-x86_64, r-release-windows-x86_64