Last updated on 2024-06-30 00:59:12 CEST.
Flavor | Version | Tinstall | Tcheck | Ttotal | Status | Flags |
---|---|---|---|---|---|---|
r-devel-linux-x86_64-debian-clang | 2.2.0 | 65.03 | 712.33 | 777.36 | OK | |
r-devel-linux-x86_64-debian-gcc | 2.2.0 | 47.91 | 520.94 | 568.85 | OK | |
r-devel-linux-x86_64-fedora-clang | 2.2.0 | 962.45 | OK | |||
r-devel-linux-x86_64-fedora-gcc | 2.2.0 | 957.46 | OK | |||
r-devel-windows-x86_64 | 2.2.0 | 50.00 | 574.00 | 624.00 | OK | |
r-patched-linux-x86_64 | 2.2.0 | 51.82 | 665.13 | 716.95 | OK | |
r-release-linux-x86_64 | 2.2.0 | 48.58 | 684.63 | 733.21 | OK | |
r-release-macos-arm64 | 2.2.0 | 282.00 | OK | |||
r-release-macos-x86_64 | 2.2.0 | 379.00 | NOTE | |||
r-release-windows-x86_64 | 2.2.0 | 50.00 | 573.00 | 623.00 | OK | |
r-oldrel-macos-arm64 | 2.2.0 | 270.00 | NOTE | |||
r-oldrel-macos-x86_64 | 2.2.0 | 489.00 | NOTE | |||
r-oldrel-windows-x86_64 | 2.2.0 | 71.00 | 708.00 | 779.00 | NOTE |
Version: 2.2.0
Check: package dependencies
Result: NOTE
Package suggested but not available for checking: ‘pwalign’
Flavors: r-release-macos-x86_64, r-oldrel-macos-arm64, r-oldrel-macos-x86_64, r-oldrel-windows-x86_64