Last updated on 2024-06-16 11:57:54 CEST.
Flavor | Version | Tinstall | Tcheck | Ttotal | Status | Flags |
---|---|---|---|---|---|---|
r-devel-linux-x86_64-debian-clang | 0.1.1 | 25.57 | 47.00 | 72.57 | OK | |
r-devel-linux-x86_64-debian-gcc | 0.1.1 | 19.16 | 36.25 | 55.41 | OK | |
r-devel-linux-x86_64-fedora-clang | 0.1.1 | 97.90 | NOTE | |||
r-devel-linux-x86_64-fedora-gcc | 0.1.1 | 129.64 | OK | |||
r-devel-windows-x86_64 | 0.1.1 | 21.00 | 82.00 | 103.00 | OK | |
r-patched-linux-x86_64 | 0.1.1 | 24.10 | 45.69 | 69.79 | OK | |
r-release-linux-x86_64 | 0.1.1 | 21.41 | 46.04 | 67.45 | OK | |
r-release-macos-arm64 | 0.1.1 | 38.00 | OK | |||
r-release-macos-x86_64 | 0.1.1 | 73.00 | OK | |||
r-release-windows-x86_64 | 0.1.1 | 21.00 | 83.00 | 104.00 | OK | |
r-oldrel-macos-arm64 | 0.1.1 | 42.00 | OK | |||
r-oldrel-macos-x86_64 | 0.1.1 | 73.00 | OK | |||
r-oldrel-windows-x86_64 | 0.1.1 | 22.00 | 90.00 | 112.00 | OK |
Version: 0.1.1
Check: Rd cross-references
Result: NOTE
Undeclared package ‘RcppEigen’ in Rd xrefs
Flavor: r-devel-linux-x86_64-fedora-clang