Last updated on 2024-06-30 00:59:12 CEST.
Flavor | Version | Tinstall | Tcheck | Ttotal | Status | Flags |
---|---|---|---|---|---|---|
r-devel-linux-x86_64-debian-clang | 0.3.1 | 2.88 | 38.14 | 41.02 | NOTE | |
r-devel-linux-x86_64-debian-gcc | 0.3.1 | 3.25 | 29.69 | 32.94 | NOTE | |
r-devel-linux-x86_64-fedora-clang | 0.3.1 | 52.78 | NOTE | |||
r-devel-linux-x86_64-fedora-gcc | 0.3.1 | 53.56 | NOTE | |||
r-devel-windows-x86_64 | 0.3.1 | 5.00 | 50.00 | 55.00 | NOTE | |
r-patched-linux-x86_64 | 0.3.1 | 3.74 | 36.39 | 40.13 | NOTE | |
r-release-linux-x86_64 | 0.3.1 | 3.80 | 36.84 | 40.64 | NOTE | |
r-release-macos-arm64 | 0.3.1 | 21.00 | NOTE | |||
r-release-macos-x86_64 | 0.3.1 | 29.00 | NOTE | |||
r-release-windows-x86_64 | 0.3.1 | 5.00 | 50.00 | 55.00 | NOTE | |
r-oldrel-macos-arm64 | 0.3.1 | 21.00 | NOTE | |||
r-oldrel-macos-x86_64 | 0.3.1 | 32.00 | NOTE | |||
r-oldrel-windows-x86_64 | 0.3.1 | 6.00 | 55.00 | 61.00 | NOTE |
Version: 0.3.1
Check: LazyData
Result: NOTE
'LazyData' is specified without a 'data' directory
Flavors: r-devel-linux-x86_64-debian-clang, r-devel-linux-x86_64-debian-gcc, r-devel-linux-x86_64-fedora-clang, r-devel-linux-x86_64-fedora-gcc, r-devel-windows-x86_64, r-patched-linux-x86_64, r-release-linux-x86_64, r-release-macos-arm64, r-release-macos-x86_64, r-release-windows-x86_64, r-oldrel-macos-arm64, r-oldrel-macos-x86_64, r-oldrel-windows-x86_64