Last updated on 2024-06-16 11:57:54 CEST.
Flavor | Version | Tinstall | Tcheck | Ttotal | Status | Flags |
---|---|---|---|---|---|---|
r-devel-linux-x86_64-debian-clang | 1.7.0 | 16.99 | 217.63 | 234.62 | OK | |
r-devel-linux-x86_64-debian-gcc | 1.7.0 | 11.57 | 160.15 | 171.72 | OK | |
r-devel-linux-x86_64-fedora-clang | 1.7.0 | 301.83 | OK | |||
r-devel-linux-x86_64-fedora-gcc | 1.7.0 | 288.76 | OK | |||
r-devel-windows-x86_64 | 1.7.0 | 13.00 | 180.00 | 193.00 | OK | |
r-patched-linux-x86_64 | 1.7.0 | 13.83 | 205.34 | 219.17 | OK | |
r-release-linux-x86_64 | 1.7.0 | 10.52 | 209.33 | 219.85 | OK | |
r-release-macos-arm64 | 1.7.0 | 105.00 | OK | |||
r-release-macos-x86_64 | 1.7.0 | 251.00 | OK | |||
r-release-windows-x86_64 | 1.7.0 | 16.00 | 197.00 | 213.00 | OK | |
r-oldrel-macos-arm64 | 1.7.0 | 138.00 | ERROR | |||
r-oldrel-macos-x86_64 | 1.7.0 | 258.00 | ERROR | |||
r-oldrel-windows-x86_64 | 1.7.0 | 18.00 | 228.00 | 246.00 | OK |
Version: 1.7.0
Check: running R code from vignettes
Result: ERROR
Errors in running code in vignettes:
when running code in ‘Captain_Example.Rmd’
...
> knitr::opts_knit$set(echo = TRUE, root.dir = "..")
> load("data/ads.rda")
Warning in readChar(con, 5L, useBytes = TRUE) :
cannot open compressed file 'data/ads.rda', probable reason 'No such file or directory'
When sourcing ‘Captain_Example.R’:
Error: cannot open the connection
Execution halted
‘Bayes_Rule.Rmd’ using ‘UTF-8’... [1s/1s] OK
‘Captain_Example.Rmd’ using ‘UTF-8’... failed
‘Crime_Scene.Rmd’ using ‘UTF-8’... [1s/1s] OK
‘Crime_Scene_Commonality.Rmd’ using ‘UTF-8’... [2s/2s] OK
‘Evidential_Modelling.Rmd’ using ‘UTF-8’... [1s/1s] OK
‘Holmes_Burglary.Rmd’ using ‘UTF-8’... [1s/1s] OK
‘Introduction_to_Belief_Functions.Rmd’ using ‘UTF-8’... [1s/1s] OK
‘PJM_example_DSC.Rmd’ using ‘UTF-8’... [1s/1s] OK
‘PJM_example_DSC_Multivalued_Map.Rmd’ using ‘UTF-8’... [1s/1s] OK
‘PJM_example_DSC_Simplified.Rmd’ using ‘UTF-8’... [1s/1s] OK
‘Reliability_Proof_Machinery.Rmd’ using ‘UTF-8’... [1s/1s] OK
‘Simple_Implication.Rmd’ using ‘UTF-8’... [1s/1s] OK
‘Template.Rmd’ using ‘UTF-8’... [1s/1s] OK
‘The_Monty_Hall_Game.Rmd’ using ‘UTF-8’... [1s/2s] OK
‘The_PJM_example.Rmd’ using ‘UTF-8’... [1s/1s] OK
‘Zadeh_Example.Rmd’ using ‘UTF-8’... [1s/1s] OK
Flavor: r-oldrel-macos-arm64
Version: 1.7.0
Check: running R code from vignettes
Result: ERROR
Errors in running code in vignettes:
when running code in ‘Captain_Example.Rmd’
...
> knitr::opts_knit$set(echo = TRUE, root.dir = "..")
> load("data/ads.rda")
Warning in readChar(con, 5L, useBytes = TRUE) :
cannot open compressed file 'data/ads.rda', probable reason 'No such file or directory'
When sourcing ‘Captain_Example.R’:
Error: cannot open the connection
Execution halted
‘Bayes_Rule.Rmd’ using ‘UTF-8’... [2s/3s] OK
‘Captain_Example.Rmd’ using ‘UTF-8’... failed
‘Crime_Scene.Rmd’ using ‘UTF-8’... [2s/2s] OK
‘Crime_Scene_Commonality.Rmd’ using ‘UTF-8’... [4s/5s] OK
‘Evidential_Modelling.Rmd’ using ‘UTF-8’... [2s/3s] OK
‘Holmes_Burglary.Rmd’ using ‘UTF-8’... [2s/3s] OK
‘Introduction_to_Belief_Functions.Rmd’ using ‘UTF-8’... [2s/3s] OK
‘PJM_example_DSC.Rmd’ using ‘UTF-8’... [2s/3s] OK
‘PJM_example_DSC_Multivalued_Map.Rmd’ using ‘UTF-8’... [2s/3s] OK
‘PJM_example_DSC_Simplified.Rmd’ using ‘UTF-8’... [2s/3s] OK
‘Reliability_Proof_Machinery.Rmd’ using ‘UTF-8’... [2s/3s] OK
‘Simple_Implication.Rmd’ using ‘UTF-8’... [2s/3s] OK
‘Template.Rmd’ using ‘UTF-8’... [2s/3s] OK
‘The_Monty_Hall_Game.Rmd’ using ‘UTF-8’... [2s/3s] OK
‘The_PJM_example.Rmd’ using ‘UTF-8’... [2s/3s] OK
‘Zadeh_Example.Rmd’ using ‘UTF-8’... [2s/3s] OK
Flavor: r-oldrel-macos-x86_64