Last updated on 2024-06-16 11:57:54 CEST.
Flavor | Version | Tinstall | Tcheck | Ttotal | Status | Flags |
---|---|---|---|---|---|---|
r-devel-linux-x86_64-debian-clang | 0.2.10 | 3.35 | 34.57 | 37.92 | OK | |
r-devel-linux-x86_64-debian-gcc | 0.2.10 | 3.06 | 25.62 | 28.68 | OK | |
r-devel-linux-x86_64-fedora-clang | 0.2.10 | 46.58 | NOTE | |||
r-devel-linux-x86_64-fedora-gcc | 0.2.10 | 42.99 | OK | |||
r-devel-windows-x86_64 | 0.2.10 | 6.00 | 48.00 | 54.00 | OK | |
r-patched-linux-x86_64 | 0.2.10 | 4.49 | 33.61 | 38.10 | OK | |
r-release-linux-x86_64 | 0.2.10 | 4.43 | 32.66 | 37.09 | OK | |
r-release-macos-arm64 | 0.2.10 | 19.00 | OK | |||
r-release-macos-x86_64 | 0.2.10 | 28.00 | OK | |||
r-release-windows-x86_64 | 0.2.10 | 6.00 | 47.00 | 53.00 | OK | |
r-oldrel-macos-arm64 | 0.2.10 | 111.00 | OK | |||
r-oldrel-macos-x86_64 | 0.2.10 | 135.00 | OK | |||
r-oldrel-windows-x86_64 | 0.2.10 | 6.00 | 54.00 | 60.00 | OK |
Version: 0.2.10
Check: Rd cross-references
Result: NOTE
Undeclared package ‘rdwd’ in Rd xrefs
Flavor: r-devel-linux-x86_64-fedora-clang