Last updated on 2024-06-30 00:59:13 CEST.
Flavor | Version | Tinstall | Tcheck | Ttotal | Status | Flags |
---|---|---|---|---|---|---|
r-devel-linux-x86_64-debian-clang | 1.3.3 | 16.91 | 356.58 | 373.49 | OK | |
r-devel-linux-x86_64-debian-gcc | 1.3.3 | 13.24 | 261.22 | 274.46 | OK | |
r-devel-linux-x86_64-fedora-clang | 1.3.3 | 460.68 | NOTE | |||
r-devel-linux-x86_64-fedora-gcc | 1.3.3 | 493.69 | NOTE | |||
r-devel-windows-x86_64 | 1.3.3 | 16.00 | 318.00 | 334.00 | OK | |
r-patched-linux-x86_64 | 1.3.3 | 21.43 | 345.01 | 366.44 | OK | |
r-release-linux-x86_64 | 1.3.3 | 13.87 | 350.21 | 364.08 | OK | |
r-release-macos-arm64 | 1.3.3 | 126.00 | OK | |||
r-release-macos-x86_64 | 1.3.3 | 263.00 | OK | |||
r-release-windows-x86_64 | 1.3.3 | 16.00 | 325.00 | 341.00 | OK | |
r-oldrel-macos-arm64 | 1.3.3 | 168.00 | OK | |||
r-oldrel-macos-x86_64 | 1.3.3 | 383.00 | OK | |||
r-oldrel-windows-x86_64 | 1.3.3 | 22.00 | 386.00 | 408.00 | OK |
Version: 1.3.3
Check: data for non-ASCII characters
Result: NOTE
Note: found 7 marked UTF-8 strings
Flavors: r-devel-linux-x86_64-fedora-clang, r-devel-linux-x86_64-fedora-gcc