Last updated on 2024-06-30 00:59:12 CEST.
Flavor | Version | Tinstall | Tcheck | Ttotal | Status | Flags |
---|---|---|---|---|---|---|
r-devel-linux-x86_64-debian-clang | 0.1.2 | 53.75 | 88.77 | 142.52 | OK | |
r-devel-linux-x86_64-debian-gcc | 0.1.2 | 39.84 | 66.75 | 106.59 | OK | |
r-devel-linux-x86_64-fedora-clang | 0.1.2 | 190.30 | OK | |||
r-devel-linux-x86_64-fedora-gcc | 0.1.2 | 222.99 | OK | |||
r-devel-windows-x86_64 | 0.1.2 | 40.00 | 121.00 | 161.00 | OK | |
r-patched-linux-x86_64 | 0.1.2 | 52.01 | 84.04 | 136.05 | OK | |
r-release-linux-x86_64 | 0.1.2 | 45.43 | 85.66 | 131.09 | OK | |
r-release-macos-arm64 | 0.1.2 | 56.00 | NOTE | |||
r-release-macos-x86_64 | 0.1.2 | 86.00 | NOTE | |||
r-release-windows-x86_64 | 0.1.2 | 40.00 | 121.00 | 161.00 | OK | |
r-oldrel-macos-arm64 | 0.1.2 | 228.00 | NOTE | |||
r-oldrel-macos-x86_64 | 0.1.2 | 209.00 | NOTE | |||
r-oldrel-windows-x86_64 | 0.1.2 | 49.00 | 136.00 | 185.00 | OK |
Version: 0.1.2
Check: installed package size
Result: NOTE
installed size is 15.5Mb
sub-directories of 1Mb or more:
R 2.5Mb
libs 12.5Mb
Flavors: r-release-macos-arm64, r-release-macos-x86_64, r-oldrel-macos-arm64, r-oldrel-macos-x86_64