Last updated on 2024-06-30 00:59:13 CEST.
Flavor | Version | Tinstall | Tcheck | Ttotal | Status | Flags |
---|---|---|---|---|---|---|
r-devel-linux-x86_64-debian-clang | 1.1 | 2.37 | 32.80 | 35.17 | OK | |
r-devel-linux-x86_64-debian-gcc | 1.1 | 1.92 | 24.91 | 26.83 | OK | |
r-devel-linux-x86_64-fedora-clang | 1.1 | 43.92 | NOTE | |||
r-devel-linux-x86_64-fedora-gcc | 1.1 | 46.14 | NOTE | |||
r-devel-windows-x86_64 | 1.1 | 3.00 | 46.00 | 49.00 | OK | |
r-patched-linux-x86_64 | 1.1 | 2.64 | 31.34 | 33.98 | OK | |
r-release-linux-x86_64 | 1.1 | 2.54 | 31.42 | 33.96 | OK | |
r-release-macos-arm64 | 1.1 | 16.00 | OK | |||
r-release-macos-x86_64 | 1.1 | 26.00 | OK | |||
r-release-windows-x86_64 | 1.1 | 3.00 | 46.00 | 49.00 | OK | |
r-oldrel-macos-arm64 | 1.1 | 21.00 | OK | |||
r-oldrel-macos-x86_64 | 1.1 | 42.00 | OK | |||
r-oldrel-windows-x86_64 | 1.1 | 3.00 | 50.00 | 53.00 | OK |
Version: 1.1
Check: dependencies in R code
Result: NOTE
Namespace in Imports field not imported from: ‘graphics’
All declared Imports should be used.
Flavors: r-devel-linux-x86_64-fedora-clang, r-devel-linux-x86_64-fedora-gcc