Last updated on 2024-06-30 00:59:13 CEST.
Flavor | Version | Tinstall | Tcheck | Ttotal | Status | Flags |
---|---|---|---|---|---|---|
r-devel-linux-x86_64-debian-clang | 0.1.1 | 25.21 | 47.28 | 72.49 | OK | |
r-devel-linux-x86_64-debian-gcc | 0.1.1 | 15.06 | 35.23 | 50.29 | OK | |
r-devel-linux-x86_64-fedora-clang | 0.1.1 | 95.36 | NOTE | |||
r-devel-linux-x86_64-fedora-gcc | 0.1.1 | 99.38 | NOTE | |||
r-devel-windows-x86_64 | 0.1.1 | 19.00 | 70.00 | 89.00 | OK | |
r-patched-linux-x86_64 | 0.1.1 | 18.91 | 45.53 | 64.44 | OK | |
r-release-linux-x86_64 | 0.1.1 | 19.61 | 45.50 | 65.11 | OK | |
r-release-macos-arm64 | 0.1.1 | 26.00 | OK | |||
r-release-macos-x86_64 | 0.1.1 | 38.00 | OK | |||
r-release-windows-x86_64 | 0.1.1 | 21.00 | 71.00 | 92.00 | OK | |
r-oldrel-macos-arm64 | 0.1.1 | 34.00 | OK | |||
r-oldrel-macos-x86_64 | 0.1.1 | 71.00 | OK | |||
r-oldrel-windows-x86_64 | 0.1.1 | 18.00 | 85.00 | 103.00 | OK |
Version: 0.1.1
Check: data for non-ASCII characters
Result: NOTE
Note: found 42 marked UTF-8 strings
Flavors: r-devel-linux-x86_64-fedora-clang, r-devel-linux-x86_64-fedora-gcc