Last updated on 2024-06-16 11:57:55 CEST.
Flavor | Version | Tinstall | Tcheck | Ttotal | Status | Flags |
---|---|---|---|---|---|---|
r-devel-linux-x86_64-debian-clang | 0.3.1 | 35.58 | 348.59 | 384.17 | NOTE | |
r-devel-linux-x86_64-debian-gcc | 0.3.1 | 33.00 | 239.71 | 272.71 | NOTE | |
r-devel-linux-x86_64-fedora-clang | 0.3.1 | 463.19 | NOTE | |||
r-devel-linux-x86_64-fedora-gcc | 0.3.1 | 428.23 | NOTE | |||
r-devel-windows-x86_64 | 0.3.1 | 29.00 | 200.00 | 229.00 | NOTE | |
r-patched-linux-x86_64 | 0.3.1 | 27.83 | 327.96 | 355.79 | NOTE | |
r-release-linux-x86_64 | 0.3.1 | 23.76 | 327.37 | 351.13 | NOTE | |
r-release-macos-arm64 | 0.3.1 | 106.00 | NOTE | |||
r-release-macos-x86_64 | 0.3.1 | 169.00 | NOTE | |||
r-release-windows-x86_64 | 0.3.1 | 31.00 | 196.00 | 227.00 | NOTE | |
r-oldrel-macos-arm64 | 0.3.1 | 129.00 | OK | |||
r-oldrel-macos-x86_64 | 0.3.1 | 214.00 | OK | |||
r-oldrel-windows-x86_64 | 0.3.1 | 39.00 | 274.00 | 313.00 | OK |
Version: 0.3.1
Check: Rd files
Result: NOTE
checkRd: (-1) sd_map.Rd:33-34: Lost braces
33 | the map. \itemize{ \item{\code{elem} {displays elementary and unified
| ^
checkRd: (-1) sd_map.Rd:34: Lost braces; missing escapes or markup?
34 | districts}} \item{\code{secon} {displays secondary and unified districts}}}
| ^
Flavors: r-devel-linux-x86_64-debian-clang, r-devel-linux-x86_64-debian-gcc, r-devel-linux-x86_64-fedora-clang, r-devel-linux-x86_64-fedora-gcc, r-devel-windows-x86_64, r-patched-linux-x86_64, r-release-linux-x86_64, r-release-macos-arm64, r-release-macos-x86_64, r-release-windows-x86_64