Last updated on 2024-06-30 00:59:13 CEST.
Flavor | Version | Tinstall | Tcheck | Ttotal | Status | Flags |
---|---|---|---|---|---|---|
r-devel-linux-x86_64-debian-clang | 1.1 | 4.37 | 100.90 | 105.27 | OK | |
r-devel-linux-x86_64-debian-gcc | 1.1 | 3.62 | 72.43 | 76.05 | OK | |
r-devel-linux-x86_64-fedora-clang | 1.1 | 131.80 | NOTE | |||
r-devel-linux-x86_64-fedora-gcc | 1.1 | 144.57 | OK | |||
r-devel-windows-x86_64 | 1.1 | 6.00 | 95.00 | 101.00 | OK | |
r-patched-linux-x86_64 | 1.1 | 4.46 | 99.80 | 104.26 | OK | |
r-release-linux-x86_64 | 1.1 | 5.06 | 96.43 | 101.49 | OK | |
r-release-macos-arm64 | 1.1 | 38.00 | OK | |||
r-release-macos-x86_64 | 1.1 | 62.00 | OK | |||
r-release-windows-x86_64 | 1.1 | 5.00 | 94.00 | 99.00 | OK | |
r-oldrel-macos-arm64 | 1.1 | 38.00 | OK | |||
r-oldrel-macos-x86_64 | 1.1 | 72.00 | OK | |||
r-oldrel-windows-x86_64 | 1.1 | 4.00 | 111.00 | 115.00 | OK |
Version: 1.1
Check: Rd cross-references
Result: NOTE
Undeclared package ‘ndl’ in Rd xrefs
Flavor: r-devel-linux-x86_64-fedora-clang