Last updated on 2024-06-30 00:59:13 CEST.
Flavor | Version | Tinstall | Tcheck | Ttotal | Status | Flags |
---|---|---|---|---|---|---|
r-devel-linux-x86_64-debian-clang | 2.4 | 1003.21 | 212.59 | 1215.80 | NOTE | |
r-devel-linux-x86_64-debian-gcc | 2.4 | 881.11 | 217.53 | 1098.64 | NOTE | |
r-devel-linux-x86_64-fedora-clang | 2.4 | 1528.33 | NOTE | |||
r-devel-linux-x86_64-fedora-gcc | 2.4 | 2269.38 | NOTE | |||
r-devel-windows-x86_64 | 2.4 | 786.00 | 228.00 | 1014.00 | NOTE | |
r-patched-linux-x86_64 | 2.4 | 0.01 | 2.65 | 2.66 | ERROR | |
r-release-linux-x86_64 | 2.4 | 0.01 | 3.09 | 3.10 | ERROR | |
r-release-macos-arm64 | 2.4 | 370.00 | NOTE | |||
r-release-macos-x86_64 | 2.4 | 439.00 | NOTE | |||
r-release-windows-x86_64 | 2.4 | 785.00 | 233.00 | 1018.00 | NOTE | |
r-oldrel-macos-arm64 | 2.4 | 419.00 | NOTE | |||
r-oldrel-macos-x86_64 | 2.4 | 524.00 | NOTE | |||
r-oldrel-windows-x86_64 | 2.4 | 989.00 | 290.00 | 1279.00 | NOTE |
Version: 2.4
Check: package dependencies
Result: NOTE
Package suggested but not available for checking: ‘eggCountsExtra’
Flavors: r-devel-linux-x86_64-debian-clang, r-devel-linux-x86_64-debian-gcc, r-devel-linux-x86_64-fedora-clang, r-devel-linux-x86_64-fedora-gcc, r-devel-windows-x86_64, r-patched-linux-x86_64, r-release-linux-x86_64, r-release-macos-arm64, r-release-macos-x86_64, r-release-windows-x86_64, r-oldrel-macos-arm64, r-oldrel-macos-x86_64, r-oldrel-windows-x86_64
Version: 2.4
Check: for GNU extensions in Makefiles
Result: NOTE
GNU make is a SystemRequirements.
Flavors: r-devel-linux-x86_64-debian-clang, r-devel-linux-x86_64-debian-gcc, r-devel-linux-x86_64-fedora-clang, r-devel-linux-x86_64-fedora-gcc, r-devel-windows-x86_64, r-release-macos-arm64, r-release-macos-x86_64, r-release-windows-x86_64, r-oldrel-macos-arm64, r-oldrel-macos-x86_64, r-oldrel-windows-x86_64
Version: 2.4
Check: installed package size
Result: NOTE
installed size is 8.7Mb
sub-directories of 1Mb or more:
libs 8.0Mb
Flavors: r-devel-linux-x86_64-fedora-clang, r-devel-windows-x86_64, r-release-macos-arm64, r-release-macos-x86_64, r-release-windows-x86_64, r-oldrel-macos-arm64, r-oldrel-macos-x86_64, r-oldrel-windows-x86_64
Version: 2.4
Check: whether package can be installed
Result: ERROR
Installation failed.
Flavors: r-patched-linux-x86_64, r-release-linux-x86_64