Last updated on 2024-06-30 00:59:13 CEST.
Flavor | Version | Tinstall | Tcheck | Ttotal | Status | Flags |
---|---|---|---|---|---|---|
r-devel-linux-x86_64-debian-clang | 0.1.7 | 13.70 | 172.42 | 186.12 | NOTE | |
r-devel-linux-x86_64-debian-gcc | 0.1.7 | 11.50 | 132.13 | 143.63 | NOTE | |
r-devel-linux-x86_64-fedora-clang | 0.1.7 | 243.25 | NOTE | |||
r-devel-linux-x86_64-fedora-gcc | 0.1.7 | 256.13 | NOTE | |||
r-devel-windows-x86_64 | 0.1.7 | 14.00 | 136.00 | 150.00 | NOTE | |
r-patched-linux-x86_64 | 0.1.7 | 9.40 | 167.38 | 176.78 | NOTE | |
r-release-linux-x86_64 | 0.1.7 | 13.43 | 171.00 | 184.43 | NOTE | |
r-release-macos-arm64 | 0.1.7 | 74.00 | NOTE | |||
r-release-macos-x86_64 | 0.1.7 | 104.00 | NOTE | |||
r-release-windows-x86_64 | 0.1.7 | 13.00 | 134.00 | 147.00 | NOTE | |
r-oldrel-macos-arm64 | 0.1.7 | 80.00 | OK | |||
r-oldrel-macos-x86_64 | 0.1.7 | 143.00 | OK | |||
r-oldrel-windows-x86_64 | 0.1.7 | 18.00 | 165.00 | 183.00 | OK |
Version: 0.1.7
Check: Rd files
Result: NOTE
checkRd: (-1) fit_mean.Rd:54: Lost braces
54 | \code{t_optims}{optimal parametrizations}
| ^
checkRd: (-1) fit_mean.Rd:55: Lost braces
55 | \code{G_optims}{optimal rotations}
| ^
checkRd: (-1) fit_mean.Rd:56: Lost braces
56 | \code{b_optims}{optimal scalings}
| ^
checkRd: (-1) fit_mean.Rd:57: Lost braces
57 | \code{n_optims}{optimal re-normalization}
| ^
checkRd: (-1) fit_mean.Rd:58: Lost braces
58 | \code{n_iter}{number of iterations until convergence}
| ^
Flavors: r-devel-linux-x86_64-debian-clang, r-devel-linux-x86_64-debian-gcc, r-devel-linux-x86_64-fedora-clang, r-devel-linux-x86_64-fedora-gcc, r-devel-windows-x86_64, r-patched-linux-x86_64, r-release-linux-x86_64, r-release-macos-arm64, r-release-macos-x86_64, r-release-windows-x86_64