Last updated on 2024-06-30 00:59:13 CEST.
Flavor | Version | Tinstall | Tcheck | Ttotal | Status | Flags |
---|---|---|---|---|---|---|
r-devel-linux-x86_64-debian-clang | 2.0.0 | 86.68 | 103.78 | 190.46 | OK | |
r-devel-linux-x86_64-debian-gcc | 2.0.0 | 65.79 | 72.81 | 138.60 | OK | |
r-devel-linux-x86_64-fedora-clang | 2.0.0 | 266.96 | OK | |||
r-devel-linux-x86_64-fedora-gcc | 2.0.0 | 283.51 | OK | |||
r-devel-windows-x86_64 | 2.0.0 | 69.00 | 120.00 | 189.00 | OK | |
r-patched-linux-x86_64 | 2.0.0 | 75.93 | 94.44 | 170.37 | OK | |
r-release-linux-x86_64 | 2.0.0 | 59.91 | 96.90 | 156.81 | OK | |
r-release-macos-arm64 | 2.0.0 | 52.00 | NOTE | |||
r-release-macos-x86_64 | 2.0.0 | 75.00 | NOTE | |||
r-release-windows-x86_64 | 2.0.0 | 71.00 | 119.00 | 190.00 | OK | |
r-oldrel-macos-arm64 | 2.0.0 | 66.00 | NOTE | |||
r-oldrel-macos-x86_64 | 2.0.0 | 115.00 | NOTE | |||
r-oldrel-windows-x86_64 | 2.0.0 | 90.00 | 142.00 | 232.00 | OK |
Version: 2.0.0
Check: installed package size
Result: NOTE
installed size is 9.1Mb
sub-directories of 1Mb or more:
libs 9.0Mb
Flavors: r-release-macos-arm64, r-release-macos-x86_64, r-oldrel-macos-arm64, r-oldrel-macos-x86_64